{"id":63,"date":"2023-09-11T18:31:53","date_gmt":"2023-09-11T21:31:53","guid":{"rendered":"https:\/\/artewebmidia.com.br\/infinita\/?page_id=63"},"modified":"2023-10-16T17:55:57","modified_gmt":"2023-10-16T20:55:57","slug":"sobre","status":"publish","type":"page","link":"https:\/\/artewebmidia.com.br\/infinita\/sobre\/","title":{"rendered":"Sobre"},"content":{"rendered":"\t\t<div data-elementor-type=\"wp-page\" data-elementor-id=\"63\" class=\"elementor elementor-63\">\n\t\t\t\t<div class=\"elementor-element elementor-element-5374d15 e-flex e-con-boxed e-con e-parent\" data-id=\"5374d15\" data-element_type=\"container\">\n\t\t\t\t\t<div class=\"e-con-inner\">\n\t\t<div class=\"elementor-element elementor-element-5d75087 e-con-full e-flex e-con e-child\" data-id=\"5d75087\" data-element_type=\"container\">\n\t\t\t\t<div class=\"elementor-element elementor-element-d208f01 elementor-widget elementor-widget-heading\" data-id=\"d208f01\" data-element_type=\"widget\" data-widget_type=\"heading.default\">\n\t\t\t\t<div class=\"elementor-widget-container\">\n\t\t\t\t\t<h2 class=\"elementor-heading-title elementor-size-default\">Sobre a Infinita Est\u00e9tica<\/h2>\t\t\t\t<\/div>\n\t\t\t\t<\/div>\n\t\t\t\t<div class=\"elementor-element elementor-element-880960b elementor-widget elementor-widget-text-editor\" data-id=\"880960b\" data-element_type=\"widget\" data-widget_type=\"text-editor.default\">\n\t\t\t\t<div class=\"elementor-widget-container\">\n\t\t\t\t\t\t\t\t\t<p>Na Inifinita Est\u00e9tica, acreditamos que a beleza \u00e9 mais do que uma apar\u00eancia &#8211; \u00e9 uma express\u00e3o de autoestima e confian\u00e7a. Como uma empresa dedicada a elevar os padr\u00f5es de cuidados com a pele e bem-estar, somos uma distribuidora de produtos dermocosm\u00e9ticos de confian\u00e7a, servindo esteticistas, sal\u00f5es de beleza e cl\u00ednicas de est\u00e9tica em todo o Brasil.<\/p><p><strong>Experi\u00eancia e Excel\u00eancia<\/strong><\/p><p>Com anos de experi\u00eancia na ind\u00fastria de est\u00e9tica, nossa equipe est\u00e1 comprometida em oferecer suporte t\u00e9cnico e orienta\u00e7\u00e3o especializada para ajudar nossos clientes a alcan\u00e7ar os melhores resultados. Entendemos as necessidades espec\u00edficas de cada neg\u00f3cio e trabalhamos para fornecer solu\u00e7\u00f5es personalizadas que atendam \u00e0s demandas em constante evolu\u00e7\u00e3o do mercado de beleza<\/p><p><strong>Entre em contato<\/strong><\/p><p>Se voc\u00ea \u00e9 um esteticista, propriet\u00e1rio de um sal\u00e3o de beleza ou cl\u00ednica de est\u00e9tica em busca dos melhores produtos dermocosm\u00e9ticos para atender \u00e0s necessidades de seus clientes, n\u00e3o hesite em entrar em contato conosco. Estamos aqui para ajudar voc\u00ea a alcan\u00e7ar resultados excepcionais e construir um neg\u00f3cio de beleza de sucesso.<\/p><p>Obrigado por escolher a Inifinita Est\u00e9tica como seu parceiro confi\u00e1vel na busca pela excel\u00eancia em cuidados com a pele e beleza.<\/p>\t\t\t\t\t\t\t\t<\/div>\n\t\t\t\t<\/div>\n\t\t\t\t<div class=\"elementor-element elementor-element-4a51311 elementor-widget elementor-widget-button\" data-id=\"4a51311\" data-element_type=\"widget\" data-widget_type=\"button.default\">\n\t\t\t\t<div class=\"elementor-widget-container\">\n\t\t\t\t\t\t\t\t\t<div class=\"elementor-button-wrapper\">\n\t\t\t\t\t<a class=\"elementor-button elementor-button-link elementor-size-sm\" href=\"https:\/\/artewebmidia.com.br\/infinita\/contato\/\">\n\t\t\t\t\t\t<span class=\"elementor-button-content-wrapper\">\n\t\t\t\t\t\t\t\t\t<span class=\"elementor-button-text\">Entrar em contato<\/span>\n\t\t\t\t\t<\/span>\n\t\t\t\t\t<\/a>\n\t\t\t\t<\/div>\n\t\t\t\t\t\t\t\t<\/div>\n\t\t\t\t<\/div>\n\t\t\t\t<\/div>\n\t\t<div class=\"elementor-element elementor-element-a36cb35 e-con-full e-flex e-con e-child\" data-id=\"a36cb35\" data-element_type=\"container\">\n\t\t\t\t<div class=\"elementor-element elementor-element-fba2ae4 elementor-widget elementor-widget-image\" data-id=\"fba2ae4\" data-element_type=\"widget\" data-widget_type=\"image.default\">\n\t\t\t\t<div class=\"elementor-widget-container\">\n\t\t\t\t\t\t\t\t\t\t\t\t\t\t\t<img fetchpriority=\"high\" decoding=\"async\" width=\"667\" height=\"1000\" src=\"https:\/\/artewebmidia.com.br\/infinita\/wp-content\/uploads\/2023\/10\/inifinita-estetica.jpg\" class=\"attachment-full size-full wp-image-371\" alt=\"\" srcset=\"https:\/\/artewebmidia.com.br\/infinita\/wp-content\/uploads\/2023\/10\/inifinita-estetica.jpg 667w, https:\/\/artewebmidia.com.br\/infinita\/wp-content\/uploads\/2023\/10\/inifinita-estetica-200x300.jpg 200w, https:\/\/artewebmidia.com.br\/infinita\/wp-content\/uploads\/2023\/10\/inifinita-estetica-600x900.jpg 600w, https:\/\/artewebmidia.com.br\/infinita\/wp-content\/uploads\/2023\/10\/inifinita-estetica-64x96.jpg 64w\" sizes=\"(max-width: 667px) 100vw, 667px\" \/>\t\t\t\t\t\t\t\t\t\t\t\t\t\t\t<\/div>\n\t\t\t\t<\/div>\n\t\t\t\t<\/div>\n\t\t\t\t\t<\/div>\n\t\t\t\t<\/div>\n\t\t\t\t<\/div>\n\t\t","protected":false},"excerpt":{"rendered":"<p>Sobre a Infinita Est\u00e9tica Na Inifinita Est\u00e9tica, acreditamos que a beleza \u00e9 mais do que uma apar\u00eancia &#8211; \u00e9 uma express\u00e3o de autoestima e confian\u00e7a. Como uma empresa dedicada a elevar os padr\u00f5es de cuidados com a pele e bem-estar, somos uma distribuidora de produtos dermocosm\u00e9ticos de confian\u00e7a, servindo esteticistas, sal\u00f5es de beleza e cl\u00ednicas [&hellip;]<\/p>\n","protected":false},"author":1,"featured_media":0,"parent":0,"menu_order":0,"comment_status":"closed","ping_status":"closed","template":"","meta":{"_joinchat":[],"footnotes":""},"class_list":["post-63","page","type-page","status-publish","hentry"],"_links":{"self":[{"href":"https:\/\/artewebmidia.com.br\/infinita\/wp-json\/wp\/v2\/pages\/63","targetHints":{"allow":["GET"]}}],"collection":[{"href":"https:\/\/artewebmidia.com.br\/infinita\/wp-json\/wp\/v2\/pages"}],"about":[{"href":"https:\/\/artewebmidia.com.br\/infinita\/wp-json\/wp\/v2\/types\/page"}],"author":[{"embeddable":true,"href":"https:\/\/artewebmidia.com.br\/infinita\/wp-json\/wp\/v2\/users\/1"}],"replies":[{"embeddable":true,"href":"https:\/\/artewebmidia.com.br\/infinita\/wp-json\/wp\/v2\/comments?post=63"}],"version-history":[{"count":10,"href":"https:\/\/artewebmidia.com.br\/infinita\/wp-json\/wp\/v2\/pages\/63\/revisions"}],"predecessor-version":[{"id":488,"href":"https:\/\/artewebmidia.com.br\/infinita\/wp-json\/wp\/v2\/pages\/63\/revisions\/488"}],"wp:attachment":[{"href":"https:\/\/artewebmidia.com.br\/infinita\/wp-json\/wp\/v2\/media?parent=63"}],"curies":[{"name":"wp","href":"https:\/\/api.w.org\/{rel}","templated":true}]}}