{"id":1006,"date":"2023-11-13T10:18:52","date_gmt":"2023-11-13T13:18:52","guid":{"rendered":"https:\/\/artewebmidia.com.br\/infinita\/?post_type=product&#038;p=1006"},"modified":"2023-11-13T10:18:52","modified_gmt":"2023-11-13T13:18:52","slug":"smart-hyaluclar-intense-2-30ml-smart-gr","status":"publish","type":"product","link":"https:\/\/artewebmidia.com.br\/infinita\/produto\/smart-hyaluclar-intense-2-30ml-smart-gr\/","title":{"rendered":"SMART HYALUCLAR INTENSE 2 30ML &#8211; Smart GR"},"content":{"rendered":"<p>\u2022 Auxilia no rejuvenescimento da pele<\/p>\n<p>\u2022 Auxilia na uniformiza\u00e7\u00e3o do tom da pele<\/p>\n<p>\u2022 Auxilia no est\u00edmulo da s\u00edntese de col\u00e1geno da pele<\/p>\n","protected":false},"excerpt":{"rendered":"<p>O SMART HYALUCLAR INTENSE 2 foi desenvolvido para auxiliar na uniformiza\u00e7\u00e3o do tom da pele. Com \u00c1cido Hialur\u00f4nico, que auxilia no rejuvenescimento, melhora a elasticidade e estimula a s\u00edntese de col\u00e1geno da pele.<\/p>\n","protected":false},"featured_media":1007,"comment_status":"open","ping_status":"closed","template":"","meta":{"_joinchat":[]},"product_brand":[],"product_cat":[22,21],"product_tag":[],"class_list":{"0":"post-1006","1":"product","2":"type-product","3":"status-publish","4":"has-post-thumbnail","6":"product_cat-estetica-corporal","7":"product_cat-estetica-facial","9":"first","10":"instock","11":"shipping-taxable","12":"purchasable","13":"product-type-simple"},"_links":{"self":[{"href":"https:\/\/artewebmidia.com.br\/infinita\/wp-json\/wp\/v2\/product\/1006","targetHints":{"allow":["GET"]}}],"collection":[{"href":"https:\/\/artewebmidia.com.br\/infinita\/wp-json\/wp\/v2\/product"}],"about":[{"href":"https:\/\/artewebmidia.com.br\/infinita\/wp-json\/wp\/v2\/types\/product"}],"replies":[{"embeddable":true,"href":"https:\/\/artewebmidia.com.br\/infinita\/wp-json\/wp\/v2\/comments?post=1006"}],"wp:featuredmedia":[{"embeddable":true,"href":"https:\/\/artewebmidia.com.br\/infinita\/wp-json\/wp\/v2\/media\/1007"}],"wp:attachment":[{"href":"https:\/\/artewebmidia.com.br\/infinita\/wp-json\/wp\/v2\/media?parent=1006"}],"wp:term":[{"taxonomy":"product_brand","embeddable":true,"href":"https:\/\/artewebmidia.com.br\/infinita\/wp-json\/wp\/v2\/product_brand?post=1006"},{"taxonomy":"product_cat","embeddable":true,"href":"https:\/\/artewebmidia.com.br\/infinita\/wp-json\/wp\/v2\/product_cat?post=1006"},{"taxonomy":"product_tag","embeddable":true,"href":"https:\/\/artewebmidia.com.br\/infinita\/wp-json\/wp\/v2\/product_tag?post=1006"}],"curies":[{"name":"wp","href":"https:\/\/api.w.org\/{rel}","templated":true}]}}