{"id":1025,"date":"2023-11-13T11:14:19","date_gmt":"2023-11-13T14:14:19","guid":{"rendered":"https:\/\/artewebmidia.com.br\/infinita\/?post_type=product&#038;p=1025"},"modified":"2023-11-13T11:14:19","modified_gmt":"2023-11-13T14:14:19","slug":"smart-lips-care-esfoliante-labial-de-tutti-frutti-15g-smart-gr","status":"publish","type":"product","link":"https:\/\/artewebmidia.com.br\/infinita\/produto\/smart-lips-care-esfoliante-labial-de-tutti-frutti-15g-smart-gr\/","title":{"rendered":"SMART LIPS CARE &#8211; ESFOLIANTE LABIAL DE TUTTI FRUTTI 15g &#8211; Smart GR"},"content":{"rendered":"<p>\u2022 Esfolia\u00e7\u00e3o<\/p>\n<p>\u2022 Hidrata\u00e7\u00e3o<\/p>\n<p>\u2022 Renova\u00e7\u00e3o celular<\/p>\n<p>\u2022 Maciez<\/p>\n<p>\u2022 Previne o ressecamento<\/p>\n<p>\u2022 Auxilia na remo\u00e7\u00e3o de c\u00e9lulas mortas<\/p>\n<p>\u2022 Previne as linhas finas de envelhecimento<\/p>\n","protected":false},"excerpt":{"rendered":"<p>O Smart LipsCare Esfoliante Labial com \u00e1cido hialur\u00f4nico \u00e9 ideal para revitaliza\u00e7\u00e3o. Projetado para esfoliar suavemente, o produto remove as c\u00e9lulas mortas, deixando a superf\u00edcie macia e renovada. A sinergia dos ingredientes ajuda a hidratar e nutrir os l\u00e1bios, proporcionando uma apar\u00eancia mais saud\u00e1vel e vibrante.<\/p>\n","protected":false},"featured_media":1026,"comment_status":"open","ping_status":"closed","template":"","meta":{"_joinchat":[]},"product_brand":[],"product_cat":[21],"product_tag":[],"class_list":{"0":"post-1025","1":"product","2":"type-product","3":"status-publish","4":"has-post-thumbnail","6":"product_cat-estetica-facial","8":"first","9":"instock","10":"shipping-taxable","11":"purchasable","12":"product-type-simple"},"_links":{"self":[{"href":"https:\/\/artewebmidia.com.br\/infinita\/wp-json\/wp\/v2\/product\/1025","targetHints":{"allow":["GET"]}}],"collection":[{"href":"https:\/\/artewebmidia.com.br\/infinita\/wp-json\/wp\/v2\/product"}],"about":[{"href":"https:\/\/artewebmidia.com.br\/infinita\/wp-json\/wp\/v2\/types\/product"}],"replies":[{"embeddable":true,"href":"https:\/\/artewebmidia.com.br\/infinita\/wp-json\/wp\/v2\/comments?post=1025"}],"wp:featuredmedia":[{"embeddable":true,"href":"https:\/\/artewebmidia.com.br\/infinita\/wp-json\/wp\/v2\/media\/1026"}],"wp:attachment":[{"href":"https:\/\/artewebmidia.com.br\/infinita\/wp-json\/wp\/v2\/media?parent=1025"}],"wp:term":[{"taxonomy":"product_brand","embeddable":true,"href":"https:\/\/artewebmidia.com.br\/infinita\/wp-json\/wp\/v2\/product_brand?post=1025"},{"taxonomy":"product_cat","embeddable":true,"href":"https:\/\/artewebmidia.com.br\/infinita\/wp-json\/wp\/v2\/product_cat?post=1025"},{"taxonomy":"product_tag","embeddable":true,"href":"https:\/\/artewebmidia.com.br\/infinita\/wp-json\/wp\/v2\/product_tag?post=1025"}],"curies":[{"name":"wp","href":"https:\/\/api.w.org\/{rel}","templated":true}]}}