{"id":1039,"date":"2023-11-14T10:05:25","date_gmt":"2023-11-14T13:05:25","guid":{"rendered":"https:\/\/artewebmidia.com.br\/infinita\/?post_type=product&#038;p=1039"},"modified":"2024-01-26T09:37:52","modified_gmt":"2024-01-26T12:37:52","slug":"smart-micro-incision-22g-50mm-smart-gr","status":"publish","type":"product","link":"https:\/\/artewebmidia.com.br\/infinita\/produto\/smart-micro-incision-22g-50mm-smart-gr\/","title":{"rendered":"SMART MICRO INCISION 22G 50mm &#8211; Smart GR"},"content":{"rendered":"<p>\u2022 Depress\u00f5es cut\u00e2neas \u2022 Rugas profundas \u2022 Sulcos \u2022 Estrias \u2022 Celulite<\/p>\n<p>\u2022 Melhor descolamento do tecido fibroso<\/p>\n<p>\u2022 Sem danos \u00e0s estruturas adjacentes<\/p>\n<p>\u2022 Infus\u00e3o de ativos simultaneamente<\/p>\n<p>\u2022 Menor trauma e maior seguran\u00e7a<\/p>\n<p>\u2022 Indicador de fluxo de sa\u00edda<\/p>\n<p>\u2022 Abertura frontal ampla<\/p>\n<p>\u2022 Ponta bico de pato<\/p>\n<p>\u2022 Semiflex\u00edvel<\/p>\n","protected":false},"excerpt":{"rendered":"<p>A Smart Micro Incision \u00e9 uma microc\u00e2nula desenvolvida especialmente para subcis\u00e3o, proporcionando m\u00e1xima seguran\u00e7a durante o procedimento. Sua ponta bico de pato atua no descolamento do tecido fibroso, sem causar danos \u00e0s estruturas adjacentes, e permite a aplica\u00e7\u00e3o simult\u00e2nea de ativos espec\u00edficos na regi\u00e3o tratada. Cont\u00e9m 05 unidades<\/p>\n","protected":false},"featured_media":1040,"comment_status":"open","ping_status":"closed","template":"","meta":{"_joinchat":[]},"product_brand":[],"product_cat":[22,21],"product_tag":[],"class_list":{"0":"post-1039","1":"product","2":"type-product","3":"status-publish","4":"has-post-thumbnail","6":"product_cat-estetica-corporal","7":"product_cat-estetica-facial","9":"first","10":"outofstock","11":"shipping-taxable","12":"purchasable","13":"product-type-simple"},"_links":{"self":[{"href":"https:\/\/artewebmidia.com.br\/infinita\/wp-json\/wp\/v2\/product\/1039","targetHints":{"allow":["GET"]}}],"collection":[{"href":"https:\/\/artewebmidia.com.br\/infinita\/wp-json\/wp\/v2\/product"}],"about":[{"href":"https:\/\/artewebmidia.com.br\/infinita\/wp-json\/wp\/v2\/types\/product"}],"replies":[{"embeddable":true,"href":"https:\/\/artewebmidia.com.br\/infinita\/wp-json\/wp\/v2\/comments?post=1039"}],"wp:featuredmedia":[{"embeddable":true,"href":"https:\/\/artewebmidia.com.br\/infinita\/wp-json\/wp\/v2\/media\/1040"}],"wp:attachment":[{"href":"https:\/\/artewebmidia.com.br\/infinita\/wp-json\/wp\/v2\/media?parent=1039"}],"wp:term":[{"taxonomy":"product_brand","embeddable":true,"href":"https:\/\/artewebmidia.com.br\/infinita\/wp-json\/wp\/v2\/product_brand?post=1039"},{"taxonomy":"product_cat","embeddable":true,"href":"https:\/\/artewebmidia.com.br\/infinita\/wp-json\/wp\/v2\/product_cat?post=1039"},{"taxonomy":"product_tag","embeddable":true,"href":"https:\/\/artewebmidia.com.br\/infinita\/wp-json\/wp\/v2\/product_tag?post=1039"}],"curies":[{"name":"wp","href":"https:\/\/api.w.org\/{rel}","templated":true}]}}