{"id":1055,"date":"2023-11-14T11:28:48","date_gmt":"2023-11-14T14:28:48","guid":{"rendered":"https:\/\/artewebmidia.com.br\/infinita\/?post_type=product&#038;p=1055"},"modified":"2024-09-02T11:03:53","modified_gmt":"2024-09-02T14:03:53","slug":"smart-derma-roller-540-agulhas-050-mm-smart-gr","status":"publish","type":"product","link":"https:\/\/artewebmidia.com.br\/infinita\/produto\/smart-derma-roller-540-agulhas-050-mm-smart-gr\/","title":{"rendered":"SMART DERMA ROLLER 540 AGULHAS 0,50 mm &#8211; Smart GR"},"content":{"rendered":"<p>\u2022 Drug Delivery<br \/>\n\u2022 Indu\u00e7\u00e3o Percut\u00e2nea de col\u00e1geno<br \/>\n\u2022 Renova\u00e7\u00e3o celular<br \/>\n\u2022 Rejuvenescimento<br \/>\n\u2022 Sequelas p\u00f3s-acne, p\u00f3s-queimadura<br \/>\n\u2022 Estrias<br \/>\n\u2022 Flacidez de pele<br \/>\n\u2022 Discromias<br \/>\n\u2022 Alop\u00e9cia<br \/>\n\u2022 Celulite e Gordura localizada<\/p>\n","protected":false},"excerpt":{"rendered":"<p>O Smart Derma Roller \u00e9 um equipamento de finalidade est\u00e9tica, composto por um rolo de 540 microagulhas de tit\u00e2nio, com 0,5mm de comprimento. As agulhas s\u00e3o intercaladas, sim\u00e9tricas e em formato cil\u00edndrico. O procedimento com o Smart Derma Roller 0,5mm faz com que o organismo inicie um processo de regenera\u00e7\u00e3o, fazendo com que a camada seja preenchida por um novo tecido, resultando numa pele mais firme e com maior luminosidade.<\/p>\n","protected":false},"featured_media":1056,"comment_status":"open","ping_status":"closed","template":"","meta":{"_joinchat":[]},"product_brand":[],"product_cat":[22,21],"product_tag":[],"class_list":{"0":"post-1055","1":"product","2":"type-product","3":"status-publish","4":"has-post-thumbnail","6":"product_cat-estetica-corporal","7":"product_cat-estetica-facial","9":"first","10":"instock","11":"shipping-taxable","12":"purchasable","13":"product-type-simple"},"_links":{"self":[{"href":"https:\/\/artewebmidia.com.br\/infinita\/wp-json\/wp\/v2\/product\/1055","targetHints":{"allow":["GET"]}}],"collection":[{"href":"https:\/\/artewebmidia.com.br\/infinita\/wp-json\/wp\/v2\/product"}],"about":[{"href":"https:\/\/artewebmidia.com.br\/infinita\/wp-json\/wp\/v2\/types\/product"}],"replies":[{"embeddable":true,"href":"https:\/\/artewebmidia.com.br\/infinita\/wp-json\/wp\/v2\/comments?post=1055"}],"wp:featuredmedia":[{"embeddable":true,"href":"https:\/\/artewebmidia.com.br\/infinita\/wp-json\/wp\/v2\/media\/1056"}],"wp:attachment":[{"href":"https:\/\/artewebmidia.com.br\/infinita\/wp-json\/wp\/v2\/media?parent=1055"}],"wp:term":[{"taxonomy":"product_brand","embeddable":true,"href":"https:\/\/artewebmidia.com.br\/infinita\/wp-json\/wp\/v2\/product_brand?post=1055"},{"taxonomy":"product_cat","embeddable":true,"href":"https:\/\/artewebmidia.com.br\/infinita\/wp-json\/wp\/v2\/product_cat?post=1055"},{"taxonomy":"product_tag","embeddable":true,"href":"https:\/\/artewebmidia.com.br\/infinita\/wp-json\/wp\/v2\/product_tag?post=1055"}],"curies":[{"name":"wp","href":"https:\/\/api.w.org\/{rel}","templated":true}]}}