{"id":1132,"date":"2023-12-05T10:37:58","date_gmt":"2023-12-05T13:37:58","guid":{"rendered":"https:\/\/artewebmidia.com.br\/infinita\/?post_type=product&#038;p=1132"},"modified":"2024-07-23T09:13:54","modified_gmt":"2024-07-23T12:13:54","slug":"serum-uniformizador-niacinamida","status":"publish","type":"product","link":"https:\/\/artewebmidia.com.br\/infinita\/produto\/serum-uniformizador-niacinamida\/","title":{"rendered":"S\u00c9RUM UNIFORMIZADOR &#8211; NIACINAMIDA"},"content":{"rendered":"<p>Ativos: 10% Niacinamida, 1% Zinco PCA. Ingredientes livre de Parabenos, Petrolatos, Corantes e Silicones.<\/p>\n","protected":false},"excerpt":{"rendered":"<p>O S\u00e9rum Uniformizador Facial Niacinamida, possui uma combina\u00e7\u00e3o \u00fanica de ativos que atuam diretamente na uniformiza\u00e7\u00e3o do tom da pele, auxilia na redu\u00e7\u00e3o do tamanho dos poros dilatados e na melhora da textura da pele. Sua f\u00f3rmula aquosa \u00e9 de textura leve e r\u00e1pida absor\u00e7\u00e3o. Ideal para a rotina e o cuidado di\u00e1rio, que a sua pele merece.<\/p>\n","protected":false},"featured_media":1133,"comment_status":"open","ping_status":"closed","template":"","meta":{"_joinchat":[]},"product_brand":[],"product_cat":[21],"product_tag":[],"class_list":{"0":"post-1132","1":"product","2":"type-product","3":"status-publish","4":"has-post-thumbnail","6":"product_cat-estetica-facial","8":"first","9":"instock","10":"shipping-taxable","11":"purchasable","12":"product-type-simple"},"_links":{"self":[{"href":"https:\/\/artewebmidia.com.br\/infinita\/wp-json\/wp\/v2\/product\/1132","targetHints":{"allow":["GET"]}}],"collection":[{"href":"https:\/\/artewebmidia.com.br\/infinita\/wp-json\/wp\/v2\/product"}],"about":[{"href":"https:\/\/artewebmidia.com.br\/infinita\/wp-json\/wp\/v2\/types\/product"}],"replies":[{"embeddable":true,"href":"https:\/\/artewebmidia.com.br\/infinita\/wp-json\/wp\/v2\/comments?post=1132"}],"wp:featuredmedia":[{"embeddable":true,"href":"https:\/\/artewebmidia.com.br\/infinita\/wp-json\/wp\/v2\/media\/1133"}],"wp:attachment":[{"href":"https:\/\/artewebmidia.com.br\/infinita\/wp-json\/wp\/v2\/media?parent=1132"}],"wp:term":[{"taxonomy":"product_brand","embeddable":true,"href":"https:\/\/artewebmidia.com.br\/infinita\/wp-json\/wp\/v2\/product_brand?post=1132"},{"taxonomy":"product_cat","embeddable":true,"href":"https:\/\/artewebmidia.com.br\/infinita\/wp-json\/wp\/v2\/product_cat?post=1132"},{"taxonomy":"product_tag","embeddable":true,"href":"https:\/\/artewebmidia.com.br\/infinita\/wp-json\/wp\/v2\/product_tag?post=1132"}],"curies":[{"name":"wp","href":"https:\/\/api.w.org\/{rel}","templated":true}]}}