{"id":1149,"date":"2023-12-05T11:15:24","date_gmt":"2023-12-05T14:15:24","guid":{"rendered":"https:\/\/artewebmidia.com.br\/infinita\/?post_type=product&#038;p=1149"},"modified":"2024-09-02T11:01:56","modified_gmt":"2024-09-02T14:01:56","slug":"serum-facial-controle-da-oleosidade","status":"publish","type":"product","link":"https:\/\/artewebmidia.com.br\/infinita\/produto\/serum-facial-controle-da-oleosidade\/","title":{"rendered":"S\u00c9RUM FACIAL CONTROLE DA OLEOSIDADE"},"content":{"rendered":"<p>Ativos: Niacinamida, D-Pantenol e Acneol\u00ae SR. Livre de Parabenos, Petrolatos, Corantes e Silicones. Ingredientes 98% Naturais.<\/p>\n","protected":false},"excerpt":{"rendered":"<p>Textura leve de r\u00e1pida absor\u00e7\u00e3o. F\u00f3rmula desenvolvida com Acneol\u00ae SR composto de ativos que atuam no controle da oleosidade da pele. Com D-Pantenol e Niacinamida promove hidrata\u00e7\u00e3o e renova\u00e7\u00e3o da pele evitando o ressecamento. Indicado para pele mista e oleosa.<\/p>\n","protected":false},"featured_media":1152,"comment_status":"open","ping_status":"closed","template":"","meta":{"_joinchat":[]},"product_brand":[],"product_cat":[21],"product_tag":[],"class_list":{"0":"post-1149","1":"product","2":"type-product","3":"status-publish","4":"has-post-thumbnail","6":"product_cat-estetica-facial","8":"first","9":"instock","10":"shipping-taxable","11":"purchasable","12":"product-type-simple"},"_links":{"self":[{"href":"https:\/\/artewebmidia.com.br\/infinita\/wp-json\/wp\/v2\/product\/1149","targetHints":{"allow":["GET"]}}],"collection":[{"href":"https:\/\/artewebmidia.com.br\/infinita\/wp-json\/wp\/v2\/product"}],"about":[{"href":"https:\/\/artewebmidia.com.br\/infinita\/wp-json\/wp\/v2\/types\/product"}],"replies":[{"embeddable":true,"href":"https:\/\/artewebmidia.com.br\/infinita\/wp-json\/wp\/v2\/comments?post=1149"}],"wp:featuredmedia":[{"embeddable":true,"href":"https:\/\/artewebmidia.com.br\/infinita\/wp-json\/wp\/v2\/media\/1152"}],"wp:attachment":[{"href":"https:\/\/artewebmidia.com.br\/infinita\/wp-json\/wp\/v2\/media?parent=1149"}],"wp:term":[{"taxonomy":"product_brand","embeddable":true,"href":"https:\/\/artewebmidia.com.br\/infinita\/wp-json\/wp\/v2\/product_brand?post=1149"},{"taxonomy":"product_cat","embeddable":true,"href":"https:\/\/artewebmidia.com.br\/infinita\/wp-json\/wp\/v2\/product_cat?post=1149"},{"taxonomy":"product_tag","embeddable":true,"href":"https:\/\/artewebmidia.com.br\/infinita\/wp-json\/wp\/v2\/product_tag?post=1149"}],"curies":[{"name":"wp","href":"https:\/\/api.w.org\/{rel}","templated":true}]}}