{"id":1183,"date":"2023-12-06T09:55:53","date_gmt":"2023-12-06T12:55:53","guid":{"rendered":"https:\/\/artewebmidia.com.br\/infinita\/?post_type=product&#038;p=1183"},"modified":"2023-12-13T17:38:01","modified_gmt":"2023-12-13T20:38:01","slug":"hidratante-corporal-pele-negra","status":"publish","type":"product","link":"https:\/\/artewebmidia.com.br\/infinita\/produto\/hidratante-corporal-pele-negra\/","title":{"rendered":"HIDRATANTE CORPORAL PELE NEGRA"},"content":{"rendered":"<p>Ativos: Alanto\u00edna, \u00d3leo de Girassol e Am\u00eandoa Doce, Manteiga de Karit\u00e9 e Cacau. Livre de Parabenos, Corantes e Petrolatos.<\/p>\n<p>Ingredientes 92% Naturais.<\/p>\n","protected":false},"excerpt":{"rendered":"<p>Proporciona hidrata\u00e7\u00e3o e nutri\u00e7\u00e3o ideal para as necessidades da pele negra, restaurando o brilho natural e apar\u00eancia radiante da sua pele. F\u00f3rmula enriquecida com Manteiga de Karit\u00e9 e Manteiga de Cacau, ativos super nutritivos que regeneram a barreira cut\u00e2nea, reduzindo a apar\u00eancia de ressecamento e aspereza da pele seca.<\/p>\n","protected":false},"featured_media":1184,"comment_status":"open","ping_status":"closed","template":"","meta":{"_joinchat":[]},"product_brand":[],"product_cat":[22],"product_tag":[],"class_list":{"0":"post-1183","1":"product","2":"type-product","3":"status-publish","4":"has-post-thumbnail","6":"product_cat-estetica-corporal","8":"first","9":"outofstock","10":"shipping-taxable","11":"purchasable","12":"product-type-simple"},"_links":{"self":[{"href":"https:\/\/artewebmidia.com.br\/infinita\/wp-json\/wp\/v2\/product\/1183","targetHints":{"allow":["GET"]}}],"collection":[{"href":"https:\/\/artewebmidia.com.br\/infinita\/wp-json\/wp\/v2\/product"}],"about":[{"href":"https:\/\/artewebmidia.com.br\/infinita\/wp-json\/wp\/v2\/types\/product"}],"replies":[{"embeddable":true,"href":"https:\/\/artewebmidia.com.br\/infinita\/wp-json\/wp\/v2\/comments?post=1183"}],"wp:featuredmedia":[{"embeddable":true,"href":"https:\/\/artewebmidia.com.br\/infinita\/wp-json\/wp\/v2\/media\/1184"}],"wp:attachment":[{"href":"https:\/\/artewebmidia.com.br\/infinita\/wp-json\/wp\/v2\/media?parent=1183"}],"wp:term":[{"taxonomy":"product_brand","embeddable":true,"href":"https:\/\/artewebmidia.com.br\/infinita\/wp-json\/wp\/v2\/product_brand?post=1183"},{"taxonomy":"product_cat","embeddable":true,"href":"https:\/\/artewebmidia.com.br\/infinita\/wp-json\/wp\/v2\/product_cat?post=1183"},{"taxonomy":"product_tag","embeddable":true,"href":"https:\/\/artewebmidia.com.br\/infinita\/wp-json\/wp\/v2\/product_tag?post=1183"}],"curies":[{"name":"wp","href":"https:\/\/api.w.org\/{rel}","templated":true}]}}