{"id":1237,"date":"2023-12-07T09:55:11","date_gmt":"2023-12-07T12:55:11","guid":{"rendered":"https:\/\/artewebmidia.com.br\/infinita\/?post_type=product&#038;p=1237"},"modified":"2024-07-23T11:34:37","modified_gmt":"2024-07-23T14:34:37","slug":"creme-de-massagem-corporal-detox","status":"publish","type":"product","link":"https:\/\/artewebmidia.com.br\/infinita\/produto\/creme-de-massagem-corporal-detox\/","title":{"rendered":"CREME DE MASSAGEM CORPORAL DETOX"},"content":{"rendered":"<p>Ativos: Ch\u00e1 Verde, Ginkgo Biloba, Arnica, Clorofi la e Sulfato de Magn\u00e9sio. Livre de Parabenos, Corantes e Petrolatos.<\/p>\n<p>Ingredientes 80% Naturais.<\/p>\n","protected":false},"excerpt":{"rendered":"<p>Com a\u00e7\u00e3o desodorante, \u00e9 indicado para massagens drenantes e desintoxicantes. A combina\u00e7\u00e3o de seus ativos aliados \u00e0 massagem est\u00e9tica corporal, auxiliam no combate aos radicais livres e na diminui\u00e7\u00e3o da perda de col\u00e1geno da pele, ajudando a ativar de forma eficiente a circula\u00e7\u00e3o sangu\u00ednea e o sistema linf\u00e1tico.\u00a0Textura leve e excelente deslizamento.<\/p>\n","protected":false},"featured_media":1238,"comment_status":"open","ping_status":"closed","template":"","meta":{"_joinchat":[]},"product_brand":[],"product_cat":[22],"product_tag":[],"class_list":{"0":"post-1237","1":"product","2":"type-product","3":"status-publish","4":"has-post-thumbnail","6":"product_cat-estetica-corporal","8":"first","9":"instock","10":"shipping-taxable","11":"purchasable","12":"product-type-simple"},"_links":{"self":[{"href":"https:\/\/artewebmidia.com.br\/infinita\/wp-json\/wp\/v2\/product\/1237","targetHints":{"allow":["GET"]}}],"collection":[{"href":"https:\/\/artewebmidia.com.br\/infinita\/wp-json\/wp\/v2\/product"}],"about":[{"href":"https:\/\/artewebmidia.com.br\/infinita\/wp-json\/wp\/v2\/types\/product"}],"replies":[{"embeddable":true,"href":"https:\/\/artewebmidia.com.br\/infinita\/wp-json\/wp\/v2\/comments?post=1237"}],"wp:featuredmedia":[{"embeddable":true,"href":"https:\/\/artewebmidia.com.br\/infinita\/wp-json\/wp\/v2\/media\/1238"}],"wp:attachment":[{"href":"https:\/\/artewebmidia.com.br\/infinita\/wp-json\/wp\/v2\/media?parent=1237"}],"wp:term":[{"taxonomy":"product_brand","embeddable":true,"href":"https:\/\/artewebmidia.com.br\/infinita\/wp-json\/wp\/v2\/product_brand?post=1237"},{"taxonomy":"product_cat","embeddable":true,"href":"https:\/\/artewebmidia.com.br\/infinita\/wp-json\/wp\/v2\/product_cat?post=1237"},{"taxonomy":"product_tag","embeddable":true,"href":"https:\/\/artewebmidia.com.br\/infinita\/wp-json\/wp\/v2\/product_tag?post=1237"}],"curies":[{"name":"wp","href":"https:\/\/api.w.org\/{rel}","templated":true}]}}