{"id":1258,"date":"2023-12-07T10:38:12","date_gmt":"2023-12-07T13:38:12","guid":{"rendered":"https:\/\/artewebmidia.com.br\/infinita\/?post_type=product&#038;p=1258"},"modified":"2024-07-23T11:24:53","modified_gmt":"2024-07-23T14:24:53","slug":"creme-esfoliante-corporal-media-abrasao","status":"publish","type":"product","link":"https:\/\/artewebmidia.com.br\/infinita\/produto\/creme-esfoliante-corporal-media-abrasao\/","title":{"rendered":"CREME ESFOLIANTE CORPORAL &#8211; M\u00c9DIA ABRAS\u00c3O"},"content":{"rendered":"<p>Ativos: Quartzo, Ch\u00e1 Verde e Gengibre. Livre de Parabenos, Corantes e Petrolatos.<\/p>\n<p>Ingredientes 85% Naturais.<\/p>\n","protected":false},"excerpt":{"rendered":"<p>Sua esfolia\u00e7\u00e3o de m\u00e9dia abras\u00e3o remove as impurezas da pele e promove renova\u00e7\u00e3o celular. As propriedades do Ch\u00e1 Verde e Gengibre promovem a\u00e7\u00e3o antioxidante que auxiliam na prote\u00e7\u00e3o contra o envelhecimento precoce da pele, conferindo maciez e uniformidade. \u00c9 ideal para preparar a pele para os protocolos est\u00e9ticos, favorecendo a permea\u00e7\u00e3o de princ\u00edpios ativos.<\/p>\n","protected":false},"featured_media":1259,"comment_status":"open","ping_status":"closed","template":"","meta":{"_joinchat":[]},"product_brand":[],"product_cat":[22],"product_tag":[],"class_list":{"0":"post-1258","1":"product","2":"type-product","3":"status-publish","4":"has-post-thumbnail","6":"product_cat-estetica-corporal","8":"first","9":"outofstock","10":"shipping-taxable","11":"purchasable","12":"product-type-simple"},"_links":{"self":[{"href":"https:\/\/artewebmidia.com.br\/infinita\/wp-json\/wp\/v2\/product\/1258","targetHints":{"allow":["GET"]}}],"collection":[{"href":"https:\/\/artewebmidia.com.br\/infinita\/wp-json\/wp\/v2\/product"}],"about":[{"href":"https:\/\/artewebmidia.com.br\/infinita\/wp-json\/wp\/v2\/types\/product"}],"replies":[{"embeddable":true,"href":"https:\/\/artewebmidia.com.br\/infinita\/wp-json\/wp\/v2\/comments?post=1258"}],"wp:featuredmedia":[{"embeddable":true,"href":"https:\/\/artewebmidia.com.br\/infinita\/wp-json\/wp\/v2\/media\/1259"}],"wp:attachment":[{"href":"https:\/\/artewebmidia.com.br\/infinita\/wp-json\/wp\/v2\/media?parent=1258"}],"wp:term":[{"taxonomy":"product_brand","embeddable":true,"href":"https:\/\/artewebmidia.com.br\/infinita\/wp-json\/wp\/v2\/product_brand?post=1258"},{"taxonomy":"product_cat","embeddable":true,"href":"https:\/\/artewebmidia.com.br\/infinita\/wp-json\/wp\/v2\/product_cat?post=1258"},{"taxonomy":"product_tag","embeddable":true,"href":"https:\/\/artewebmidia.com.br\/infinita\/wp-json\/wp\/v2\/product_tag?post=1258"}],"curies":[{"name":"wp","href":"https:\/\/api.w.org\/{rel}","templated":true}]}}