{"id":1260,"date":"2023-12-07T10:43:34","date_gmt":"2023-12-07T13:43:34","guid":{"rendered":"https:\/\/artewebmidia.com.br\/infinita\/?post_type=product&#038;p=1260"},"modified":"2024-07-23T11:24:16","modified_gmt":"2024-07-23T14:24:16","slug":"creme-esfoliante-corporal-alta-abrasao","status":"publish","type":"product","link":"https:\/\/artewebmidia.com.br\/infinita\/produto\/creme-esfoliante-corporal-alta-abrasao\/","title":{"rendered":"CREME ESFOLIANTE CORPORAL &#8211; ALTA ABRAS\u00c3O"},"content":{"rendered":"<p>Ativos: Quartzo, Ch\u00e1 Verde, Ginkgo Biloba, Arnica, Clorofila e Sulfato de Magn\u00e9sio. Livre de Parabenos, Corantes e Petrolatos.<\/p>\n<p>Ingrediente 87% Naturais.<\/p>\n","protected":false},"excerpt":{"rendered":"<p>Promove esfolia\u00e7\u00e3o abrasiva intensa atrav\u00e9s de micropart\u00edculas de Quartzo sem agredir a pele, estimulando a renova\u00e7\u00e3o celular e conferindo em maciez e uniformidade cut\u00e2nea. A combina\u00e7\u00e3o de seus ativos naturais Ch\u00e1 Verde, a Ginkgo Biloba e a Clorofila, auxilia no combate aos radicais livres e ajuda na diminui\u00e7\u00e3o da perda de col\u00e1geno da pele, que em sinergia com o Sulfato de Magn\u00e9sio e a Arnica, auxiliam na redu\u00e7\u00e3o de reten\u00e7\u00e3o h\u00eddrica, conferindo a\u00e7\u00e3o desintoxicante, antioxidante e estimulante.<\/p>\n","protected":false},"featured_media":1261,"comment_status":"open","ping_status":"closed","template":"","meta":{"_joinchat":[]},"product_brand":[],"product_cat":[22],"product_tag":[],"class_list":{"0":"post-1260","1":"product","2":"type-product","3":"status-publish","4":"has-post-thumbnail","6":"product_cat-estetica-corporal","8":"first","9":"instock","10":"shipping-taxable","11":"purchasable","12":"product-type-simple"},"_links":{"self":[{"href":"https:\/\/artewebmidia.com.br\/infinita\/wp-json\/wp\/v2\/product\/1260","targetHints":{"allow":["GET"]}}],"collection":[{"href":"https:\/\/artewebmidia.com.br\/infinita\/wp-json\/wp\/v2\/product"}],"about":[{"href":"https:\/\/artewebmidia.com.br\/infinita\/wp-json\/wp\/v2\/types\/product"}],"replies":[{"embeddable":true,"href":"https:\/\/artewebmidia.com.br\/infinita\/wp-json\/wp\/v2\/comments?post=1260"}],"wp:featuredmedia":[{"embeddable":true,"href":"https:\/\/artewebmidia.com.br\/infinita\/wp-json\/wp\/v2\/media\/1261"}],"wp:attachment":[{"href":"https:\/\/artewebmidia.com.br\/infinita\/wp-json\/wp\/v2\/media?parent=1260"}],"wp:term":[{"taxonomy":"product_brand","embeddable":true,"href":"https:\/\/artewebmidia.com.br\/infinita\/wp-json\/wp\/v2\/product_brand?post=1260"},{"taxonomy":"product_cat","embeddable":true,"href":"https:\/\/artewebmidia.com.br\/infinita\/wp-json\/wp\/v2\/product_cat?post=1260"},{"taxonomy":"product_tag","embeddable":true,"href":"https:\/\/artewebmidia.com.br\/infinita\/wp-json\/wp\/v2\/product_tag?post=1260"}],"curies":[{"name":"wp","href":"https:\/\/api.w.org\/{rel}","templated":true}]}}