{"id":1269,"date":"2023-12-07T11:31:30","date_gmt":"2023-12-07T14:31:30","guid":{"rendered":"https:\/\/artewebmidia.com.br\/infinita\/?post_type=product&#038;p=1269"},"modified":"2024-09-25T10:23:56","modified_gmt":"2024-09-25T13:23:56","slug":"oleo-vegetal-de-massagem-oleos-essenciais","status":"publish","type":"product","link":"https:\/\/artewebmidia.com.br\/infinita\/produto\/oleo-vegetal-de-massagem-oleos-essenciais\/","title":{"rendered":"\u00d3LEO VEGETAL DE MASSAGEM &#8211; \u00d3LEOS ESSENCIAIS"},"content":{"rendered":"<p>Ativos: \u00d3leos Vegetais, Extrato de Arnica Blend de \u00d3leos Essenciais: Gault\u00e9ria, Elemi e Patchouli. Livre de Parabenos, Petrolatos, Corantes e Silicones.<\/p>\n<p>Ingredientes 99% Naturais.<\/p>\n<p>&nbsp;<\/p>\n","protected":false},"excerpt":{"rendered":"<p>Especialmente desenvolvido para facilitar as manobras da massagem corporal. Devido a sua propriedade emoliente ajuda no deslizamento e sua f\u00f3rmula com \u00f3leos essenciais, \u00f3leo vegetal e Extrato de Arnica promove bem estar e melhora a qualidade da pele.<\/p>\n","protected":false},"featured_media":1270,"comment_status":"open","ping_status":"closed","template":"","meta":{"_joinchat":[]},"product_brand":[],"product_cat":[22],"product_tag":[],"class_list":{"0":"post-1269","1":"product","2":"type-product","3":"status-publish","4":"has-post-thumbnail","6":"product_cat-estetica-corporal","8":"first","9":"instock","10":"shipping-taxable","11":"purchasable","12":"product-type-simple"},"_links":{"self":[{"href":"https:\/\/artewebmidia.com.br\/infinita\/wp-json\/wp\/v2\/product\/1269","targetHints":{"allow":["GET"]}}],"collection":[{"href":"https:\/\/artewebmidia.com.br\/infinita\/wp-json\/wp\/v2\/product"}],"about":[{"href":"https:\/\/artewebmidia.com.br\/infinita\/wp-json\/wp\/v2\/types\/product"}],"replies":[{"embeddable":true,"href":"https:\/\/artewebmidia.com.br\/infinita\/wp-json\/wp\/v2\/comments?post=1269"}],"wp:featuredmedia":[{"embeddable":true,"href":"https:\/\/artewebmidia.com.br\/infinita\/wp-json\/wp\/v2\/media\/1270"}],"wp:attachment":[{"href":"https:\/\/artewebmidia.com.br\/infinita\/wp-json\/wp\/v2\/media?parent=1269"}],"wp:term":[{"taxonomy":"product_brand","embeddable":true,"href":"https:\/\/artewebmidia.com.br\/infinita\/wp-json\/wp\/v2\/product_brand?post=1269"},{"taxonomy":"product_cat","embeddable":true,"href":"https:\/\/artewebmidia.com.br\/infinita\/wp-json\/wp\/v2\/product_cat?post=1269"},{"taxonomy":"product_tag","embeddable":true,"href":"https:\/\/artewebmidia.com.br\/infinita\/wp-json\/wp\/v2\/product_tag?post=1269"}],"curies":[{"name":"wp","href":"https:\/\/api.w.org\/{rel}","templated":true}]}}