{"id":1273,"date":"2023-12-07T11:50:14","date_gmt":"2023-12-07T14:50:14","guid":{"rendered":"https:\/\/artewebmidia.com.br\/infinita\/?post_type=product&#038;p=1273"},"modified":"2024-07-23T11:53:16","modified_gmt":"2024-07-23T14:53:16","slug":"gel-redutor-crioterapico","status":"publish","type":"product","link":"https:\/\/artewebmidia.com.br\/infinita\/produto\/gel-redutor-crioterapico\/","title":{"rendered":"GEL REDUTOR CRIOTER\u00c1PICO"},"content":{"rendered":"<p>Ativos: Cafe\u00edna, Centella Asi\u00e1tica, C\u00e2nfora e Mentol. Livre de Parabenos, Corantes e Petrolatos.<\/p>\n<p>Ingredientes 65% Naturais.<\/p>\n","protected":false},"excerpt":{"rendered":"<p>Grande aliado em protocolos est\u00e9ticos de celulite e de gordura localizada, a combina\u00e7\u00e3o do mentol e c\u00e2nfora provocam resfriamento da regi\u00e3o aplicada, estimulando o aumento da circula\u00e7\u00e3o local e do metabolismo. O poder da cafe\u00edna auxilia na lip\u00f3lise (quebra da c\u00e9lula de gordura), reduzindo medidas e suavizando a aparecia da celulite.<\/p>\n","protected":false},"featured_media":1274,"comment_status":"open","ping_status":"closed","template":"","meta":{"_joinchat":[]},"product_brand":[],"product_cat":[22],"product_tag":[],"class_list":{"0":"post-1273","1":"product","2":"type-product","3":"status-publish","4":"has-post-thumbnail","6":"product_cat-estetica-corporal","8":"first","9":"instock","10":"shipping-taxable","11":"purchasable","12":"product-type-simple"},"_links":{"self":[{"href":"https:\/\/artewebmidia.com.br\/infinita\/wp-json\/wp\/v2\/product\/1273","targetHints":{"allow":["GET"]}}],"collection":[{"href":"https:\/\/artewebmidia.com.br\/infinita\/wp-json\/wp\/v2\/product"}],"about":[{"href":"https:\/\/artewebmidia.com.br\/infinita\/wp-json\/wp\/v2\/types\/product"}],"replies":[{"embeddable":true,"href":"https:\/\/artewebmidia.com.br\/infinita\/wp-json\/wp\/v2\/comments?post=1273"}],"wp:featuredmedia":[{"embeddable":true,"href":"https:\/\/artewebmidia.com.br\/infinita\/wp-json\/wp\/v2\/media\/1274"}],"wp:attachment":[{"href":"https:\/\/artewebmidia.com.br\/infinita\/wp-json\/wp\/v2\/media?parent=1273"}],"wp:term":[{"taxonomy":"product_brand","embeddable":true,"href":"https:\/\/artewebmidia.com.br\/infinita\/wp-json\/wp\/v2\/product_brand?post=1273"},{"taxonomy":"product_cat","embeddable":true,"href":"https:\/\/artewebmidia.com.br\/infinita\/wp-json\/wp\/v2\/product_cat?post=1273"},{"taxonomy":"product_tag","embeddable":true,"href":"https:\/\/artewebmidia.com.br\/infinita\/wp-json\/wp\/v2\/product_tag?post=1273"}],"curies":[{"name":"wp","href":"https:\/\/api.w.org\/{rel}","templated":true}]}}