{"id":1371,"date":"2023-12-14T11:49:07","date_gmt":"2023-12-14T14:49:07","guid":{"rendered":"https:\/\/artewebmidia.com.br\/infinita\/?post_type=product&#038;p=1371"},"modified":"2024-07-23T11:25:34","modified_gmt":"2024-07-23T14:25:34","slug":"locao-hidratante-ureia-10","status":"publish","type":"product","link":"https:\/\/artewebmidia.com.br\/infinita\/produto\/locao-hidratante-ureia-10\/","title":{"rendered":"LO\u00c7\u00c3O HIDRATANTE  UR\u00c9IA 10%"},"content":{"rendered":"<p>Ativos: Ureia 10%, Vitamina E e \u00d3leos Vegetais. Livre de Parabenos e Corantes.<\/p>\n<p>Ingredientes 85% Naturais.<\/p>\n","protected":false},"excerpt":{"rendered":"<p>Com r\u00e1pida absor\u00e7\u00e3o e a\u00e7\u00e3o desodorante, hidrata profundamente a pele, devolvendo maciez e sedosidade, sem deixar sensa\u00e7\u00e3o de oleosidade. Indicada principalmente para peles \u00e1speras e ressecadas, a ureia \u00e9 um potente agente que promove hidrata\u00e7\u00e3o por um per\u00edodo prolongado.<\/p>\n","protected":false},"featured_media":1372,"comment_status":"open","ping_status":"closed","template":"","meta":{"_joinchat":[]},"product_brand":[],"product_cat":[22],"product_tag":[],"class_list":{"0":"post-1371","1":"product","2":"type-product","3":"status-publish","4":"has-post-thumbnail","6":"product_cat-estetica-corporal","8":"first","9":"outofstock","10":"shipping-taxable","11":"purchasable","12":"product-type-simple"},"_links":{"self":[{"href":"https:\/\/artewebmidia.com.br\/infinita\/wp-json\/wp\/v2\/product\/1371","targetHints":{"allow":["GET"]}}],"collection":[{"href":"https:\/\/artewebmidia.com.br\/infinita\/wp-json\/wp\/v2\/product"}],"about":[{"href":"https:\/\/artewebmidia.com.br\/infinita\/wp-json\/wp\/v2\/types\/product"}],"replies":[{"embeddable":true,"href":"https:\/\/artewebmidia.com.br\/infinita\/wp-json\/wp\/v2\/comments?post=1371"}],"wp:featuredmedia":[{"embeddable":true,"href":"https:\/\/artewebmidia.com.br\/infinita\/wp-json\/wp\/v2\/media\/1372"}],"wp:attachment":[{"href":"https:\/\/artewebmidia.com.br\/infinita\/wp-json\/wp\/v2\/media?parent=1371"}],"wp:term":[{"taxonomy":"product_brand","embeddable":true,"href":"https:\/\/artewebmidia.com.br\/infinita\/wp-json\/wp\/v2\/product_brand?post=1371"},{"taxonomy":"product_cat","embeddable":true,"href":"https:\/\/artewebmidia.com.br\/infinita\/wp-json\/wp\/v2\/product_cat?post=1371"},{"taxonomy":"product_tag","embeddable":true,"href":"https:\/\/artewebmidia.com.br\/infinita\/wp-json\/wp\/v2\/product_tag?post=1371"}],"curies":[{"name":"wp","href":"https:\/\/api.w.org\/{rel}","templated":true}]}}