{"id":440,"date":"2023-10-16T15:00:14","date_gmt":"2023-10-16T18:00:14","guid":{"rendered":"https:\/\/artewebmidia.com.br\/infinita\/?post_type=product&#038;p=440"},"modified":"2023-11-08T11:43:49","modified_gmt":"2023-11-08T14:43:49","slug":"limp-skin","status":"publish","type":"product","link":"https:\/\/artewebmidia.com.br\/infinita\/produto\/limp-skin\/","title":{"rendered":"LIMP SKIN"},"content":{"rendered":"<p>Lo\u00e7\u00e3o de Limpeza, Demaquilante e Tonificante<\/p>\n<p>\u25cf \u00danico demaquilante do mercado com reposi\u00e7\u00e3o de col\u00e1geno hidrolisado, essencial para a pele.<br \/>\n\u25cf Limpeza ultra profunda com a\u00e7\u00e3o hidratante.<br \/>\n\u25cf A\u00e7\u00e3o reenergizante e tonificante.<br \/>\n\u25cf A\u00e7\u00e3o adstringente e antisseborreica<br \/>\n\u25cf A\u00e7\u00e3o calmante e suavizant para a pele.<br \/>\n\u25cf Controla a oleosidade e melhora o aspecto geral da pele.<br \/>\n\u25cf Dermopurificador e restaurador do tecido.<br \/>\n\u25cf Remove maquiagens resistentes \u00e0 \u00e1gua.<\/p>\n","protected":false},"excerpt":{"rendered":"<p>Lo\u00e7\u00e3o de limpeza e a\u00e7\u00e3o demaquilante indicada para todos os tipos de pele.<br \/>\nSua formula\u00e7\u00e3o suave restabelece a pele, acentuando sua renova\u00e7\u00e3o. Remove impurezas profundas e c\u00e9lulas mortas, sem retirar sua prote\u00e7\u00e3o natural.<\/p>\n","protected":false},"featured_media":878,"comment_status":"open","ping_status":"closed","template":"","meta":{"_joinchat":[]},"product_brand":[],"product_cat":[21],"product_tag":[],"class_list":{"0":"post-440","1":"product","2":"type-product","3":"status-publish","4":"has-post-thumbnail","6":"product_cat-estetica-facial","8":"first","9":"instock","10":"shipping-taxable","11":"purchasable","12":"product-type-variable"},"_links":{"self":[{"href":"https:\/\/artewebmidia.com.br\/infinita\/wp-json\/wp\/v2\/product\/440","targetHints":{"allow":["GET"]}}],"collection":[{"href":"https:\/\/artewebmidia.com.br\/infinita\/wp-json\/wp\/v2\/product"}],"about":[{"href":"https:\/\/artewebmidia.com.br\/infinita\/wp-json\/wp\/v2\/types\/product"}],"replies":[{"embeddable":true,"href":"https:\/\/artewebmidia.com.br\/infinita\/wp-json\/wp\/v2\/comments?post=440"}],"wp:featuredmedia":[{"embeddable":true,"href":"https:\/\/artewebmidia.com.br\/infinita\/wp-json\/wp\/v2\/media\/878"}],"wp:attachment":[{"href":"https:\/\/artewebmidia.com.br\/infinita\/wp-json\/wp\/v2\/media?parent=440"}],"wp:term":[{"taxonomy":"product_brand","embeddable":true,"href":"https:\/\/artewebmidia.com.br\/infinita\/wp-json\/wp\/v2\/product_brand?post=440"},{"taxonomy":"product_cat","embeddable":true,"href":"https:\/\/artewebmidia.com.br\/infinita\/wp-json\/wp\/v2\/product_cat?post=440"},{"taxonomy":"product_tag","embeddable":true,"href":"https:\/\/artewebmidia.com.br\/infinita\/wp-json\/wp\/v2\/product_tag?post=440"}],"curies":[{"name":"wp","href":"https:\/\/api.w.org\/{rel}","templated":true}]}}