{"id":588,"date":"2023-10-25T11:41:29","date_gmt":"2023-10-25T14:41:29","guid":{"rendered":"https:\/\/artewebmidia.com.br\/infinita\/?post_type=product&#038;p=588"},"modified":"2023-10-30T09:14:59","modified_gmt":"2023-10-30T12:14:59","slug":"drain-slim","status":"publish","type":"product","link":"https:\/\/artewebmidia.com.br\/infinita\/produto\/drain-slim\/","title":{"rendered":"Drain Slim"},"content":{"rendered":"<p>\u25cf Creme para massagem drenante &amp; relaxante.<br \/>\n\u25cf Alta concentra\u00e7\u00e3o de ativos drenantes para redu\u00e7\u00e3o de edemas.<br \/>\n\u25cf Alta concentra\u00e7\u00e3o de ativos lipol\u00edticos para queima de gordura localizada.<br \/>\n\u25cf Alta concentra\u00e7\u00e3o de ativos anticelul\u00edticos e tonificantes do tecido para redu\u00e7\u00e3o de celulites e melhora do aspecto geral da pele.<br \/>\n\u25cf Cont\u00e9m \u00f3leos 100% vegetais.<br \/>\n\u25cf Ultra potencializado com extratos bot\u00e2nicos.<br \/>\n\u25cf Rico em \u00f4megas 3, 6 e 9; 100% biodispon\u00edveis para permea\u00e7\u00e3o na pele.<br \/>\n\u25cf Extrema a\u00e7\u00e3o ultra nutritiva e ultra-hidratante.<br \/>\n\u25cf Perfeita permea\u00e7\u00e3o<\/p>\n","protected":false},"excerpt":{"rendered":"<p>Creme auxiliar de procedimentos est\u00e9ticos<br \/>\nde massagem corporal e bem-estar. Seus<br \/>\nativos t\u00eam propriedades drenantes, lipol\u00edticas,<br \/>\nanticelul\u00edticas e tonificantes do tecido. Possui<br \/>\naroma envolvente de maracuj\u00e1, oferecendo<br \/>\n\u00f3timo rendimento e deslizamento sem deixar<br \/>\na pele pegajosa<\/p>\n","protected":false},"featured_media":609,"comment_status":"open","ping_status":"closed","template":"","meta":{"_joinchat":[]},"product_brand":[],"product_cat":[22],"product_tag":[],"class_list":{"0":"post-588","1":"product","2":"type-product","3":"status-publish","4":"has-post-thumbnail","6":"product_cat-estetica-corporal","8":"first","9":"instock","10":"shipping-taxable","11":"purchasable","12":"product-type-simple"},"_links":{"self":[{"href":"https:\/\/artewebmidia.com.br\/infinita\/wp-json\/wp\/v2\/product\/588","targetHints":{"allow":["GET"]}}],"collection":[{"href":"https:\/\/artewebmidia.com.br\/infinita\/wp-json\/wp\/v2\/product"}],"about":[{"href":"https:\/\/artewebmidia.com.br\/infinita\/wp-json\/wp\/v2\/types\/product"}],"replies":[{"embeddable":true,"href":"https:\/\/artewebmidia.com.br\/infinita\/wp-json\/wp\/v2\/comments?post=588"}],"wp:featuredmedia":[{"embeddable":true,"href":"https:\/\/artewebmidia.com.br\/infinita\/wp-json\/wp\/v2\/media\/609"}],"wp:attachment":[{"href":"https:\/\/artewebmidia.com.br\/infinita\/wp-json\/wp\/v2\/media?parent=588"}],"wp:term":[{"taxonomy":"product_brand","embeddable":true,"href":"https:\/\/artewebmidia.com.br\/infinita\/wp-json\/wp\/v2\/product_brand?post=588"},{"taxonomy":"product_cat","embeddable":true,"href":"https:\/\/artewebmidia.com.br\/infinita\/wp-json\/wp\/v2\/product_cat?post=588"},{"taxonomy":"product_tag","embeddable":true,"href":"https:\/\/artewebmidia.com.br\/infinita\/wp-json\/wp\/v2\/product_tag?post=588"}],"curies":[{"name":"wp","href":"https:\/\/api.w.org\/{rel}","templated":true}]}}