{"id":619,"date":"2023-10-30T10:52:10","date_gmt":"2023-10-30T13:52:10","guid":{"rendered":"https:\/\/artewebmidia.com.br\/infinita\/?post_type=product&#038;p=619"},"modified":"2023-11-09T10:39:34","modified_gmt":"2023-11-09T13:39:34","slug":"nano-tonica","status":"publish","type":"product","link":"https:\/\/artewebmidia.com.br\/infinita\/produto\/nano-tonica\/","title":{"rendered":"NANO T\u00d4NICA"},"content":{"rendered":"<p>\u25cf Lo\u00e7\u00e3o extremamente tonificante da pele.<br \/>\n\u25cf Lo\u00e7\u00e3o ortomolecular para reposi\u00e7\u00e3o de oligoelementos e oligominerais.<br \/>\n\u25cf Restabelece equil\u00edbrio do ph fisiol\u00f3gico sem retirar a prote\u00e7\u00e3o natural.<br \/>\n\u25cf Cont\u00e9m extrema concentra\u00e7\u00e3o de ativos bot\u00e2nicos adstringentes.<br \/>\n\u25cf A\u00e7\u00e3o estimulante e adstringente para peles oleosas.<br \/>\n\u25cf A\u00e7\u00e3o de hidrata\u00e7\u00e3o profunda e restauradora do tecido.<br \/>\n\u25cf Atua diretamente na reposi\u00e7\u00e3o de amino\u00e1cidos essenciais.<br \/>\n\u25cf Perfeito para p\u00f3s-procedimentos e esfolia\u00e7\u00f5es f\u00edsicas e qu\u00edmicas<\/p>\n","protected":false},"excerpt":{"rendered":"<ul>\n<li>Lo\u00e7\u00e3o tonificante que restabelece o pH fisiol\u00f3gico da pele, acentuando sua renova\u00e7\u00e3o natural por conter em sua formula\u00e7\u00e3o<br \/>\nemolientes naturais.<\/li>\n<li>Complementa a etapa de higieniza\u00e7\u00e3o da pele. Possui a\u00e7\u00e3o calmante e antioxidante. N\u00e3o cont\u00e9m \u00e1lcool.<\/li>\n<\/ul>\n","protected":false},"featured_media":661,"comment_status":"open","ping_status":"closed","template":"","meta":{"_joinchat":[]},"product_brand":[],"product_cat":[21],"product_tag":[],"class_list":{"0":"post-619","1":"product","2":"type-product","3":"status-publish","4":"has-post-thumbnail","6":"product_cat-estetica-facial","8":"first","9":"instock","10":"shipping-taxable","11":"purchasable","12":"product-type-simple"},"_links":{"self":[{"href":"https:\/\/artewebmidia.com.br\/infinita\/wp-json\/wp\/v2\/product\/619","targetHints":{"allow":["GET"]}}],"collection":[{"href":"https:\/\/artewebmidia.com.br\/infinita\/wp-json\/wp\/v2\/product"}],"about":[{"href":"https:\/\/artewebmidia.com.br\/infinita\/wp-json\/wp\/v2\/types\/product"}],"replies":[{"embeddable":true,"href":"https:\/\/artewebmidia.com.br\/infinita\/wp-json\/wp\/v2\/comments?post=619"}],"wp:featuredmedia":[{"embeddable":true,"href":"https:\/\/artewebmidia.com.br\/infinita\/wp-json\/wp\/v2\/media\/661"}],"wp:attachment":[{"href":"https:\/\/artewebmidia.com.br\/infinita\/wp-json\/wp\/v2\/media?parent=619"}],"wp:term":[{"taxonomy":"product_brand","embeddable":true,"href":"https:\/\/artewebmidia.com.br\/infinita\/wp-json\/wp\/v2\/product_brand?post=619"},{"taxonomy":"product_cat","embeddable":true,"href":"https:\/\/artewebmidia.com.br\/infinita\/wp-json\/wp\/v2\/product_cat?post=619"},{"taxonomy":"product_tag","embeddable":true,"href":"https:\/\/artewebmidia.com.br\/infinita\/wp-json\/wp\/v2\/product_tag?post=619"}],"curies":[{"name":"wp","href":"https:\/\/api.w.org\/{rel}","templated":true}]}}