{"id":657,"date":"2023-10-31T10:13:44","date_gmt":"2023-10-31T13:13:44","guid":{"rendered":"https:\/\/artewebmidia.com.br\/infinita\/?post_type=product&#038;p=657"},"modified":"2023-11-08T11:13:13","modified_gmt":"2023-11-08T14:13:13","slug":"nan0-hydra-max","status":"publish","type":"product","link":"https:\/\/artewebmidia.com.br\/infinita\/produto\/nan0-hydra-max\/","title":{"rendered":"NAN0 HYDRA MAX"},"content":{"rendered":"<p>\u25cf \u00danica m\u00e1scara nanotecnol\u00f3gica do mercado com vitamina c extremamente hidratante.<br \/>\n\u25cf\u00danica estabilizada com sil\u00edcios org\u00e2nicos, nano dmae, nano resveratrol (fra\u00e7\u00e3o ativa da uva) e \u00e1cido hialur\u00f4nico de baixo peso molecular nanoencapsulado.<br \/>\n\u25cf M\u00e1scara ortomolecular para reposi\u00e7\u00e3o de oligoelementos e oligominerais.<br \/>\n\u25cf Extrema a\u00e7\u00e3o antioxidante e prote\u00e7\u00e3o contra radia\u00e7\u00e3o solar.<br \/>\n\u25cf Extrema a\u00e7\u00e3o antiaging para rejuvenescimento.<br \/>\n\u25cf Extrema hidrata\u00e7\u00e3o, maciez e renova\u00e7\u00e3o do t\u00f4nus.<br \/>\n\u25cf Extrema a\u00e7\u00e3o cicatrizante e restauradora da epiderme.<br \/>\n\u25cf Efeito iluminador da pele.<br \/>\n\u25cf Estimula naturalmente a forma\u00e7\u00e3o do col\u00e1geno<\/p>\n","protected":false},"excerpt":{"rendered":"<p>M\u00e1scara nanotecnol\u00f3gica potencializada com ativos ultra-hidratantes, Vitamina C, Nano Resveratrol e DMAE e \u00c1cido Hialur\u00f4nico para<br \/>\nhidrata\u00e7\u00e3o profunda de peles normais a secas, em especial as desvitalizadas. Proporciona uma pele saud\u00e1vel, suave e vi\u00e7osa, al\u00e9m de mais firmeza e elasticidade.<\/p>\n","protected":false},"featured_media":658,"comment_status":"open","ping_status":"closed","template":"","meta":{"_joinchat":[]},"product_brand":[],"product_cat":[22,21],"product_tag":[],"class_list":{"0":"post-657","1":"product","2":"type-product","3":"status-publish","4":"has-post-thumbnail","6":"product_cat-estetica-corporal","7":"product_cat-estetica-facial","9":"first","10":"outofstock","11":"shipping-taxable","12":"purchasable","13":"product-type-simple"},"_links":{"self":[{"href":"https:\/\/artewebmidia.com.br\/infinita\/wp-json\/wp\/v2\/product\/657","targetHints":{"allow":["GET"]}}],"collection":[{"href":"https:\/\/artewebmidia.com.br\/infinita\/wp-json\/wp\/v2\/product"}],"about":[{"href":"https:\/\/artewebmidia.com.br\/infinita\/wp-json\/wp\/v2\/types\/product"}],"replies":[{"embeddable":true,"href":"https:\/\/artewebmidia.com.br\/infinita\/wp-json\/wp\/v2\/comments?post=657"}],"wp:featuredmedia":[{"embeddable":true,"href":"https:\/\/artewebmidia.com.br\/infinita\/wp-json\/wp\/v2\/media\/658"}],"wp:attachment":[{"href":"https:\/\/artewebmidia.com.br\/infinita\/wp-json\/wp\/v2\/media?parent=657"}],"wp:term":[{"taxonomy":"product_brand","embeddable":true,"href":"https:\/\/artewebmidia.com.br\/infinita\/wp-json\/wp\/v2\/product_brand?post=657"},{"taxonomy":"product_cat","embeddable":true,"href":"https:\/\/artewebmidia.com.br\/infinita\/wp-json\/wp\/v2\/product_cat?post=657"},{"taxonomy":"product_tag","embeddable":true,"href":"https:\/\/artewebmidia.com.br\/infinita\/wp-json\/wp\/v2\/product_tag?post=657"}],"curies":[{"name":"wp","href":"https:\/\/api.w.org\/{rel}","templated":true}]}}