{"id":668,"date":"2023-10-31T10:57:30","date_gmt":"2023-10-31T13:57:30","guid":{"rendered":"https:\/\/artewebmidia.com.br\/infinita\/?post_type=product&#038;p=668"},"modified":"2023-11-08T11:06:10","modified_gmt":"2023-11-08T14:06:10","slug":"green-mask","status":"publish","type":"product","link":"https:\/\/artewebmidia.com.br\/infinita\/produto\/green-mask\/","title":{"rendered":"GREEN MASK"},"content":{"rendered":"<p>\u25cf Argila pura e natural.<br \/>\n\u25cf 100% natural e biodegrad\u00e1vel.<br \/>\n\u25cf Perfeita para protocolos faciais, corporais e capilares.<br \/>\n\u25cf Auxilia no controle da oleosidade.<br \/>\n\u25cf Perfeita para combater acne.<br \/>\n\u25cf Possui a\u00e7\u00e3o tonificante, adstringente e estimulante.<br \/>\n\u25cf Possui a\u00e7\u00e3o desintoxicante.<br \/>\n\u25cf Possui a\u00e7\u00e3o anti-inflamat\u00f3ria.<br \/>\n\u25cf Possui a\u00e7\u00e3o cicatrizante e secativa.<\/p>\n","protected":false},"excerpt":{"rendered":"<p>M\u00e1scara de argila verde em p\u00f3 potencializada com Oligoelementos e Oligominerais.<\/p>\n<p>Indicada para pele oleosa e com acne, a argila verde tem a\u00e7\u00e3o secativa, bactericida, adstringente, estimulante, tonificante, analg\u00e9sica e cicatrizante.<\/p>\n","protected":false},"featured_media":669,"comment_status":"open","ping_status":"closed","template":"","meta":{"_joinchat":[]},"product_brand":[],"product_cat":[21],"product_tag":[],"class_list":{"0":"post-668","1":"product","2":"type-product","3":"status-publish","4":"has-post-thumbnail","6":"product_cat-estetica-facial","8":"first","9":"instock","10":"shipping-taxable","11":"purchasable","12":"product-type-simple"},"_links":{"self":[{"href":"https:\/\/artewebmidia.com.br\/infinita\/wp-json\/wp\/v2\/product\/668","targetHints":{"allow":["GET"]}}],"collection":[{"href":"https:\/\/artewebmidia.com.br\/infinita\/wp-json\/wp\/v2\/product"}],"about":[{"href":"https:\/\/artewebmidia.com.br\/infinita\/wp-json\/wp\/v2\/types\/product"}],"replies":[{"embeddable":true,"href":"https:\/\/artewebmidia.com.br\/infinita\/wp-json\/wp\/v2\/comments?post=668"}],"wp:featuredmedia":[{"embeddable":true,"href":"https:\/\/artewebmidia.com.br\/infinita\/wp-json\/wp\/v2\/media\/669"}],"wp:attachment":[{"href":"https:\/\/artewebmidia.com.br\/infinita\/wp-json\/wp\/v2\/media?parent=668"}],"wp:term":[{"taxonomy":"product_brand","embeddable":true,"href":"https:\/\/artewebmidia.com.br\/infinita\/wp-json\/wp\/v2\/product_brand?post=668"},{"taxonomy":"product_cat","embeddable":true,"href":"https:\/\/artewebmidia.com.br\/infinita\/wp-json\/wp\/v2\/product_cat?post=668"},{"taxonomy":"product_tag","embeddable":true,"href":"https:\/\/artewebmidia.com.br\/infinita\/wp-json\/wp\/v2\/product_tag?post=668"}],"curies":[{"name":"wp","href":"https:\/\/api.w.org\/{rel}","templated":true}]}}