{"id":673,"date":"2023-10-31T11:15:29","date_gmt":"2023-10-31T14:15:29","guid":{"rendered":"https:\/\/artewebmidia.com.br\/infinita\/?post_type=product&#038;p=673"},"modified":"2023-11-08T10:46:10","modified_gmt":"2023-11-08T13:46:10","slug":"red-mask","status":"publish","type":"product","link":"https:\/\/artewebmidia.com.br\/infinita\/produto\/red-mask\/","title":{"rendered":"RED MASK"},"content":{"rendered":"<p>\u25cf Argila pura e natural.<br \/>\n\u25cf 100% natural e biodegrad\u00e1vel.<br \/>\n\u25cf Perfeita para protocolos faciais, corporais e capilares.<br \/>\n\u25cf Auxilia no controle da oleosidade.<br \/>\n\u25cf Perfeita para combater acne.<br \/>\n\u25cf Possui a\u00e7\u00e3o tonificante, adstringente e estimulante.<br \/>\n\u25cf Possui a\u00e7\u00e3o profunda para redu\u00e7\u00e3o de peso e gordura localizada.<br \/>\n\u25cf Ativadora da circula\u00e7\u00e3o sangu\u00ednea.<br \/>\n\u25cf Possui a\u00e7\u00e3o desintoxicante.<br \/>\n\u25cf Possui a\u00e7\u00e3o anti-inflamat\u00f3ria.<br \/>\n\u25cf Possui a\u00e7\u00e3o cicatrizante.<\/p>\n","protected":false},"excerpt":{"rendered":"<p style=\"text-align: left;\">M\u00e1scara de argila vermelha em p\u00f3 potencializada com Oligoelementos e Oligominerais. Indicada para quem tem pele rosada e sens\u00edvel, a argila vermelha \u00e9 capaz de absorver a oleosidade e renovar a estrutura das c\u00e9lulas, al\u00e9m de ter a\u00e7\u00e3o lipol\u00edtica na redu\u00e7\u00e3o de medidas.<\/p>\n","protected":false},"featured_media":674,"comment_status":"open","ping_status":"closed","template":"","meta":{"_joinchat":[]},"product_brand":[],"product_cat":[21],"product_tag":[],"class_list":{"0":"post-673","1":"product","2":"type-product","3":"status-publish","4":"has-post-thumbnail","6":"product_cat-estetica-facial","8":"first","9":"outofstock","10":"shipping-taxable","11":"purchasable","12":"product-type-simple"},"_links":{"self":[{"href":"https:\/\/artewebmidia.com.br\/infinita\/wp-json\/wp\/v2\/product\/673","targetHints":{"allow":["GET"]}}],"collection":[{"href":"https:\/\/artewebmidia.com.br\/infinita\/wp-json\/wp\/v2\/product"}],"about":[{"href":"https:\/\/artewebmidia.com.br\/infinita\/wp-json\/wp\/v2\/types\/product"}],"replies":[{"embeddable":true,"href":"https:\/\/artewebmidia.com.br\/infinita\/wp-json\/wp\/v2\/comments?post=673"}],"wp:featuredmedia":[{"embeddable":true,"href":"https:\/\/artewebmidia.com.br\/infinita\/wp-json\/wp\/v2\/media\/674"}],"wp:attachment":[{"href":"https:\/\/artewebmidia.com.br\/infinita\/wp-json\/wp\/v2\/media?parent=673"}],"wp:term":[{"taxonomy":"product_brand","embeddable":true,"href":"https:\/\/artewebmidia.com.br\/infinita\/wp-json\/wp\/v2\/product_brand?post=673"},{"taxonomy":"product_cat","embeddable":true,"href":"https:\/\/artewebmidia.com.br\/infinita\/wp-json\/wp\/v2\/product_cat?post=673"},{"taxonomy":"product_tag","embeddable":true,"href":"https:\/\/artewebmidia.com.br\/infinita\/wp-json\/wp\/v2\/product_tag?post=673"}],"curies":[{"name":"wp","href":"https:\/\/api.w.org\/{rel}","templated":true}]}}