{"id":695,"date":"2023-11-01T09:39:03","date_gmt":"2023-11-01T12:39:03","guid":{"rendered":"https:\/\/artewebmidia.com.br\/infinita\/?post_type=product&#038;p=695"},"modified":"2023-11-01T09:39:03","modified_gmt":"2023-11-01T12:39:03","slug":"ozonio-cream","status":"publish","type":"product","link":"https:\/\/artewebmidia.com.br\/infinita\/produto\/ozonio-cream\/","title":{"rendered":"OZ\u00d4NIO CREAM"},"content":{"rendered":"<p>\u25cf Creme para massagem ozonizado, nanotecnol\u00f3gico e ortomolecular.<br \/>\n\u25cf Alto rendimento com resultados r\u00e1pidos e seguros.<br \/>\n\u25cf Mecanismo de a\u00e7\u00e3o ecologicamente correto de r\u00e1pida permea\u00e7\u00e3o dos ativos.<br \/>\n\u25cf Cont\u00e9m ativos nanotecnol\u00f3gicos, biotecnol\u00f3gicos e ativos bot\u00e2nicos para redu\u00e7\u00e3o de medidas.<br \/>\n\u25cf Cont\u00e9m dmae biotecnol\u00f3gico, \u00e1cido hialur\u00f4nico e associa\u00e7\u00e3o sin\u00e9rgica de ativos firmantes e rejuvenescedores corporais.<br \/>\n\u25cf Cont\u00e9m \u00f3leos essenciais, ativos drenantes, desintoxicantes, lipol\u00edticos, anticelul\u00edticos e tonificantes do tecido.<br \/>\n\u25cf Intensa atividade germicida.<br \/>\n\u25cfPossui potente a\u00e7\u00e3o na ativa\u00e7\u00e3o da microcircula\u00e7\u00e3o.<br \/>\n\u25cf N\u00e3o cont\u00e9m fragr\u00e2ncia.<br \/>\n\u25cf Perfeito para associar com aromaterapia.<br \/>\n\u25cf Pode ser utilizado em gestantes.<\/p>\n","protected":false},"excerpt":{"rendered":"<p>Creme Ozoniotecnol\u00f3gico com avan\u00e7ada tecnologia das nanopart\u00edculas, auxilia nos procedimentos est\u00e9ticos de massagem<br \/>\ncorporal e bem-estar. Seus ativos possuem propriedades firmantes, drenantes, relaxantes, redutoras, hidratantes e tonificantes do tecido. N\u00e3o Possui fragr\u00e2ncia e oferece \u00f3timo rendimento e deslizamento sem deixar a pele pegajosa.<\/p>\n","protected":false},"featured_media":696,"comment_status":"open","ping_status":"closed","template":"","meta":{"_joinchat":[]},"product_brand":[],"product_cat":[22],"product_tag":[],"class_list":{"0":"post-695","1":"product","2":"type-product","3":"status-publish","4":"has-post-thumbnail","6":"product_cat-estetica-corporal","8":"first","9":"instock","10":"shipping-taxable","11":"purchasable","12":"product-type-simple"},"_links":{"self":[{"href":"https:\/\/artewebmidia.com.br\/infinita\/wp-json\/wp\/v2\/product\/695","targetHints":{"allow":["GET"]}}],"collection":[{"href":"https:\/\/artewebmidia.com.br\/infinita\/wp-json\/wp\/v2\/product"}],"about":[{"href":"https:\/\/artewebmidia.com.br\/infinita\/wp-json\/wp\/v2\/types\/product"}],"replies":[{"embeddable":true,"href":"https:\/\/artewebmidia.com.br\/infinita\/wp-json\/wp\/v2\/comments?post=695"}],"wp:featuredmedia":[{"embeddable":true,"href":"https:\/\/artewebmidia.com.br\/infinita\/wp-json\/wp\/v2\/media\/696"}],"wp:attachment":[{"href":"https:\/\/artewebmidia.com.br\/infinita\/wp-json\/wp\/v2\/media?parent=695"}],"wp:term":[{"taxonomy":"product_brand","embeddable":true,"href":"https:\/\/artewebmidia.com.br\/infinita\/wp-json\/wp\/v2\/product_brand?post=695"},{"taxonomy":"product_cat","embeddable":true,"href":"https:\/\/artewebmidia.com.br\/infinita\/wp-json\/wp\/v2\/product_cat?post=695"},{"taxonomy":"product_tag","embeddable":true,"href":"https:\/\/artewebmidia.com.br\/infinita\/wp-json\/wp\/v2\/product_tag?post=695"}],"curies":[{"name":"wp","href":"https:\/\/api.w.org\/{rel}","templated":true}]}}