{"id":704,"date":"2023-11-01T09:50:44","date_gmt":"2023-11-01T12:50:44","guid":{"rendered":"https:\/\/artewebmidia.com.br\/infinita\/?post_type=product&#038;p=704"},"modified":"2023-11-01T09:50:44","modified_gmt":"2023-11-01T12:50:44","slug":"sais-thermo-detox","status":"publish","type":"product","link":"https:\/\/artewebmidia.com.br\/infinita\/produto\/sais-thermo-detox\/","title":{"rendered":"SAIS THERMO DETOX"},"content":{"rendered":"<p>\u25cf Sais t\u00e9rmicos desintoxicante corporal.<br \/>\n\u25cf Ultra potencializa\u00e7\u00e3o com ativo detox.<br \/>\n\u25cf Nutre e estimula o metabolismo energ\u00e9tico.<br \/>\n\u25cf Combina\u00e7\u00e3o perfeita de ativos drenantes, lipol\u00edticos, anticelul\u00edticos, ativadores da microcircula\u00e7\u00e3o, detox e tonificantes do tecido.<br \/>\n\u25cf Atua diretamente nos adip\u00f3citos, realizando a quebra da gordura localizada.<br \/>\n\u25cf Perfeito para associar com bandagens quentes.<\/p>\n","protected":false},"excerpt":{"rendered":"<p>Sais t\u00e9rmicos para bandagens quentes enriquecidos com ativo bot\u00e2nico. Possui a\u00e7\u00e3o drenante, desintoxicante e ativador da lip\u00f3lise. Utilizado nos tratamentos est\u00e9ticos contra celulite, gordura localizada e desintoxica\u00e7\u00e3o.<\/p>\n","protected":false},"featured_media":706,"comment_status":"open","ping_status":"closed","template":"","meta":{"_joinchat":[]},"product_brand":[],"product_cat":[22],"product_tag":[],"class_list":{"0":"post-704","1":"product","2":"type-product","3":"status-publish","4":"has-post-thumbnail","6":"product_cat-estetica-corporal","8":"first","9":"instock","10":"shipping-taxable","11":"purchasable","12":"product-type-simple"},"_links":{"self":[{"href":"https:\/\/artewebmidia.com.br\/infinita\/wp-json\/wp\/v2\/product\/704","targetHints":{"allow":["GET"]}}],"collection":[{"href":"https:\/\/artewebmidia.com.br\/infinita\/wp-json\/wp\/v2\/product"}],"about":[{"href":"https:\/\/artewebmidia.com.br\/infinita\/wp-json\/wp\/v2\/types\/product"}],"replies":[{"embeddable":true,"href":"https:\/\/artewebmidia.com.br\/infinita\/wp-json\/wp\/v2\/comments?post=704"}],"wp:featuredmedia":[{"embeddable":true,"href":"https:\/\/artewebmidia.com.br\/infinita\/wp-json\/wp\/v2\/media\/706"}],"wp:attachment":[{"href":"https:\/\/artewebmidia.com.br\/infinita\/wp-json\/wp\/v2\/media?parent=704"}],"wp:term":[{"taxonomy":"product_brand","embeddable":true,"href":"https:\/\/artewebmidia.com.br\/infinita\/wp-json\/wp\/v2\/product_brand?post=704"},{"taxonomy":"product_cat","embeddable":true,"href":"https:\/\/artewebmidia.com.br\/infinita\/wp-json\/wp\/v2\/product_cat?post=704"},{"taxonomy":"product_tag","embeddable":true,"href":"https:\/\/artewebmidia.com.br\/infinita\/wp-json\/wp\/v2\/product_tag?post=704"}],"curies":[{"name":"wp","href":"https:\/\/api.w.org\/{rel}","templated":true}]}}