{"id":733,"date":"2023-11-03T11:27:36","date_gmt":"2023-11-03T14:27:36","guid":{"rendered":"https:\/\/artewebmidia.com.br\/infinita\/?post_type=product&#038;p=733"},"modified":"2024-01-26T11:40:18","modified_gmt":"2024-01-26T14:40:18","slug":"thermo-slim","status":"publish","type":"product","link":"https:\/\/artewebmidia.com.br\/infinita\/produto\/thermo-slim\/","title":{"rendered":"THERMO SLIM"},"content":{"rendered":"<p>\u25cf Fluido hiperemiante extremamente potencializado.<br \/>\n\u25cf Ativa a microcircula\u00e7\u00e3o, dilatando os poros para a permea\u00e7\u00e3o dos ativos.<br \/>\n\u25cf Alta concentra\u00e7\u00e3o de ativos lipol\u00edticos para queima de gordura localizada.<br \/>\n\u25cf Alta concentra\u00e7\u00e3o de ativos anticelul\u00edticos e tonificantes do tecido para redu\u00e7\u00e3o de celulites e melhora do aspecto geral da pele.<br \/>\n\u25cf Combate eficaz contra as temidas celulites.<br \/>\n\u25cf Perfeito para aplicar antes das atividades f\u00edsicas.<br \/>\n\u25cf Perfeito para tratamentos corporais de redu\u00e7\u00e3o de medidas.<br \/>\n\u25cf Alto rendimento com resultados r\u00e1pidos e seguros.<\/p>\n","protected":false},"excerpt":{"rendered":"<p>Fluido hiperemiante que aumenta a elasticidade das paredes venosas, melhorando a circula\u00e7\u00e3o sangu\u00ednea e eliminando os edemas. Dessa forma, facilita a absor\u00e7\u00e3o dos ativos.<\/p>\n","protected":false},"featured_media":737,"comment_status":"open","ping_status":"closed","template":"","meta":{"_joinchat":[]},"product_brand":[],"product_cat":[22],"product_tag":[],"class_list":{"0":"post-733","1":"product","2":"type-product","3":"status-publish","4":"has-post-thumbnail","6":"product_cat-estetica-corporal","8":"first","9":"instock","10":"shipping-taxable","11":"purchasable","12":"product-type-variable"},"_links":{"self":[{"href":"https:\/\/artewebmidia.com.br\/infinita\/wp-json\/wp\/v2\/product\/733","targetHints":{"allow":["GET"]}}],"collection":[{"href":"https:\/\/artewebmidia.com.br\/infinita\/wp-json\/wp\/v2\/product"}],"about":[{"href":"https:\/\/artewebmidia.com.br\/infinita\/wp-json\/wp\/v2\/types\/product"}],"replies":[{"embeddable":true,"href":"https:\/\/artewebmidia.com.br\/infinita\/wp-json\/wp\/v2\/comments?post=733"}],"wp:featuredmedia":[{"embeddable":true,"href":"https:\/\/artewebmidia.com.br\/infinita\/wp-json\/wp\/v2\/media\/737"}],"wp:attachment":[{"href":"https:\/\/artewebmidia.com.br\/infinita\/wp-json\/wp\/v2\/media?parent=733"}],"wp:term":[{"taxonomy":"product_brand","embeddable":true,"href":"https:\/\/artewebmidia.com.br\/infinita\/wp-json\/wp\/v2\/product_brand?post=733"},{"taxonomy":"product_cat","embeddable":true,"href":"https:\/\/artewebmidia.com.br\/infinita\/wp-json\/wp\/v2\/product_cat?post=733"},{"taxonomy":"product_tag","embeddable":true,"href":"https:\/\/artewebmidia.com.br\/infinita\/wp-json\/wp\/v2\/product_tag?post=733"}],"curies":[{"name":"wp","href":"https:\/\/api.w.org\/{rel}","templated":true}]}}