{"id":741,"date":"2023-11-06T09:05:13","date_gmt":"2023-11-06T12:05:13","guid":{"rendered":"https:\/\/artewebmidia.com.br\/infinita\/?post_type=product&#038;p=741"},"modified":"2024-09-25T10:23:58","modified_gmt":"2024-09-25T13:23:58","slug":"glicerol-rf","status":"publish","type":"product","link":"https:\/\/artewebmidia.com.br\/infinita\/produto\/glicerol-rf\/","title":{"rendered":"GLYCEROL RF"},"content":{"rendered":"<p>\u25cf Gel universal para todos os tipos de equipamentos de eletroterapia e radiofrequ\u00eancia.<br \/>\n\u25cf Excelente a\u00e7\u00e3o hidratante e deslizante.<br \/>\n\u25cf Extremo poder umectante.<br \/>\n\u25cf N\u00e3o muda a consist\u00eancia mesmo em altas temperaturas.<br \/>\n\u25cf Sensa\u00e7\u00e3o de conforto em qualquer temperatura.<br \/>\n\u25cf Ideal para aplica\u00e7\u00e3o da radiofrequ\u00eancia.<br \/>\n\u25cf Perfeito como gel de contato para eletroterapia.<br \/>\n\u25cf Sem corantes e fragr\u00e2ncia.<\/p>\n","protected":false},"excerpt":{"rendered":"<p>O Gel Glycerol RF tem como finalidade auxiliar na condu\u00e7\u00e3o da corrente el\u00e9trica e ondas s\u00f4nicas em todo e qualquer aparelho que<br \/>\nnecessite de um meio de contato. \u00c9 indicado para procedimentos m\u00e9dicos, fisioter\u00e1picos e est\u00e9ticos. Ideal para aplica\u00e7\u00e3o da radiofrequ\u00eancia, pois mant\u00e9m sua consist\u00eancia mesmo quando submetido a altas temperaturas, deixando uma sensa\u00e7\u00e3o de conforto durante a aplica\u00e7\u00e3o. Possui excelente a\u00e7\u00e3o hidratante e deslizante.<\/p>\n","protected":false},"featured_media":743,"comment_status":"open","ping_status":"closed","template":"","meta":{"_joinchat":[]},"product_brand":[],"product_cat":[22],"product_tag":[],"class_list":{"0":"post-741","1":"product","2":"type-product","3":"status-publish","4":"has-post-thumbnail","6":"product_cat-estetica-corporal","8":"first","9":"instock","10":"shipping-taxable","11":"purchasable","12":"product-type-simple"},"_links":{"self":[{"href":"https:\/\/artewebmidia.com.br\/infinita\/wp-json\/wp\/v2\/product\/741","targetHints":{"allow":["GET"]}}],"collection":[{"href":"https:\/\/artewebmidia.com.br\/infinita\/wp-json\/wp\/v2\/product"}],"about":[{"href":"https:\/\/artewebmidia.com.br\/infinita\/wp-json\/wp\/v2\/types\/product"}],"replies":[{"embeddable":true,"href":"https:\/\/artewebmidia.com.br\/infinita\/wp-json\/wp\/v2\/comments?post=741"}],"wp:featuredmedia":[{"embeddable":true,"href":"https:\/\/artewebmidia.com.br\/infinita\/wp-json\/wp\/v2\/media\/743"}],"wp:attachment":[{"href":"https:\/\/artewebmidia.com.br\/infinita\/wp-json\/wp\/v2\/media?parent=741"}],"wp:term":[{"taxonomy":"product_brand","embeddable":true,"href":"https:\/\/artewebmidia.com.br\/infinita\/wp-json\/wp\/v2\/product_brand?post=741"},{"taxonomy":"product_cat","embeddable":true,"href":"https:\/\/artewebmidia.com.br\/infinita\/wp-json\/wp\/v2\/product_cat?post=741"},{"taxonomy":"product_tag","embeddable":true,"href":"https:\/\/artewebmidia.com.br\/infinita\/wp-json\/wp\/v2\/product_tag?post=741"}],"curies":[{"name":"wp","href":"https:\/\/api.w.org\/{rel}","templated":true}]}}