{"id":782,"date":"2023-11-07T09:23:08","date_gmt":"2023-11-07T12:23:08","guid":{"rendered":"https:\/\/artewebmidia.com.br\/infinita\/?post_type=product&#038;p=782"},"modified":"2023-11-08T16:39:58","modified_gmt":"2023-11-08T19:39:58","slug":"oleo-essencial-eucalipto","status":"publish","type":"product","link":"https:\/\/artewebmidia.com.br\/infinita\/produto\/oleo-essencial-eucalipto\/","title":{"rendered":"\u00d3LEO ESSENCIAL EUCALIPTO"},"content":{"rendered":"<p>O \u00d3leo Essencial de Eucalipto \u00e9 muito conhecido por suas propriedades mucol\u00edticas, descongestionantes e expectorantes. Por isso, \u00e9 excelente como coadjuvante no tratamento de doen\u00e7as das vias respirat\u00f3rias. Age como t\u00f4nico estimulante e fortalece o sistema imunol\u00f3gico.<br \/>\n\u00c9 tamb\u00e9m um poderoso desinfetante de ambientes, principalmente contra bact\u00e9rias aer\u00f3bicas e fungos.<\/p>\n<p>&nbsp;<\/p>\n<p>&nbsp;<\/p>\n<p>&nbsp;<\/p>\n","protected":false},"excerpt":{"rendered":"<p>O \u00d3leo Essencial de Eucalipto melhora o foco e a concentra\u00e7\u00e3o. Seu aroma \u00e9 fresco, mentolado e canforado.\u00a0Provoca a sensa\u00e7\u00e3o de liberdade, traz responsabilidade, trabalha a rela\u00e7\u00e3o entre coletivo e individualidade.<\/p>\n<p>&nbsp;<\/p>\n<p>&nbsp;<\/p>\n","protected":false},"featured_media":0,"comment_status":"open","ping_status":"closed","template":"","meta":{"_joinchat":[]},"product_brand":[],"product_cat":[24],"product_tag":[],"class_list":{"0":"post-782","1":"product","2":"type-product","3":"status-publish","5":"product_cat-saude","7":"first","8":"instock","9":"shipping-taxable","10":"purchasable","11":"product-type-simple"},"_links":{"self":[{"href":"https:\/\/artewebmidia.com.br\/infinita\/wp-json\/wp\/v2\/product\/782","targetHints":{"allow":["GET"]}}],"collection":[{"href":"https:\/\/artewebmidia.com.br\/infinita\/wp-json\/wp\/v2\/product"}],"about":[{"href":"https:\/\/artewebmidia.com.br\/infinita\/wp-json\/wp\/v2\/types\/product"}],"replies":[{"embeddable":true,"href":"https:\/\/artewebmidia.com.br\/infinita\/wp-json\/wp\/v2\/comments?post=782"}],"wp:attachment":[{"href":"https:\/\/artewebmidia.com.br\/infinita\/wp-json\/wp\/v2\/media?parent=782"}],"wp:term":[{"taxonomy":"product_brand","embeddable":true,"href":"https:\/\/artewebmidia.com.br\/infinita\/wp-json\/wp\/v2\/product_brand?post=782"},{"taxonomy":"product_cat","embeddable":true,"href":"https:\/\/artewebmidia.com.br\/infinita\/wp-json\/wp\/v2\/product_cat?post=782"},{"taxonomy":"product_tag","embeddable":true,"href":"https:\/\/artewebmidia.com.br\/infinita\/wp-json\/wp\/v2\/product_tag?post=782"}],"curies":[{"name":"wp","href":"https:\/\/api.w.org\/{rel}","templated":true}]}}