{"id":806,"date":"2023-11-07T11:28:52","date_gmt":"2023-11-07T14:28:52","guid":{"rendered":"https:\/\/artewebmidia.com.br\/infinita\/?post_type=product&#038;p=806"},"modified":"2023-11-14T15:55:54","modified_gmt":"2023-11-14T18:55:54","slug":"coconut-oil","status":"publish","type":"product","link":"https:\/\/artewebmidia.com.br\/infinita\/produto\/coconut-oil\/","title":{"rendered":"COCONUT OIL"},"content":{"rendered":"<p>\u25cf \u00d3leo de Coco puro extra virgem, 100% natural e vegano.<br \/>\n\u25cf Auxilia no aumento dos n\u00edveis de energia e redu\u00e7\u00e3o de gordura abdominal.<br \/>\n\u25cf Eleva a capacidade antioxidante geral do organismo.<br \/>\n\u25cf Reduz os n\u00edveis de colesterol e de triglicer\u00eddeos.<br \/>\n\u25cf Possui propriedades calmantes e antioxidantes.<br \/>\n\u25cf Atenua a m\u00e1 digest\u00e3o.<br \/>\n\u25cf Aumenta a imunidade.<br \/>\n\u25cf \u00c9 desintoxicante, antif\u00fangico e antibacteriano.<br \/>\n\u25cf Reduz a apar\u00eancia de linhas finas e rugas.<\/p>\n","protected":false},"excerpt":{"rendered":"<p>\u00d3leo de Coco puro extra virgem, 100% natural e vegano! O \u00d3leo de Coco \u00e9 conhecido por conter uma \u00fanica forma de gordura saturada que realmente ajuda a prevenir doen\u00e7as card\u00edacas, derrame e endurecimento das art\u00e9rias. Sua gordura saturada \u00e9 diferente da gordura<br \/>\nencontrada na carne ou outras gordurasvegetais, e \u00e9 id\u00eantico a um grupo especial de gorduras encontradas no leite materno que<br \/>\nmelhoram a digest\u00e3o, fortalecem o sistema imunol\u00f3gico e protegem contra infec\u00e7\u00f5es bacterianas, virais e f\u00fangicas.<\/p>\n","protected":false},"featured_media":1092,"comment_status":"open","ping_status":"closed","template":"","meta":{"_joinchat":[]},"product_brand":[],"product_cat":[24],"product_tag":[],"class_list":{"0":"post-806","1":"product","2":"type-product","3":"status-publish","4":"has-post-thumbnail","6":"product_cat-saude","8":"first","9":"instock","10":"shipping-taxable","11":"purchasable","12":"product-type-simple"},"_links":{"self":[{"href":"https:\/\/artewebmidia.com.br\/infinita\/wp-json\/wp\/v2\/product\/806","targetHints":{"allow":["GET"]}}],"collection":[{"href":"https:\/\/artewebmidia.com.br\/infinita\/wp-json\/wp\/v2\/product"}],"about":[{"href":"https:\/\/artewebmidia.com.br\/infinita\/wp-json\/wp\/v2\/types\/product"}],"replies":[{"embeddable":true,"href":"https:\/\/artewebmidia.com.br\/infinita\/wp-json\/wp\/v2\/comments?post=806"}],"wp:featuredmedia":[{"embeddable":true,"href":"https:\/\/artewebmidia.com.br\/infinita\/wp-json\/wp\/v2\/media\/1092"}],"wp:attachment":[{"href":"https:\/\/artewebmidia.com.br\/infinita\/wp-json\/wp\/v2\/media?parent=806"}],"wp:term":[{"taxonomy":"product_brand","embeddable":true,"href":"https:\/\/artewebmidia.com.br\/infinita\/wp-json\/wp\/v2\/product_brand?post=806"},{"taxonomy":"product_cat","embeddable":true,"href":"https:\/\/artewebmidia.com.br\/infinita\/wp-json\/wp\/v2\/product_cat?post=806"},{"taxonomy":"product_tag","embeddable":true,"href":"https:\/\/artewebmidia.com.br\/infinita\/wp-json\/wp\/v2\/product_tag?post=806"}],"curies":[{"name":"wp","href":"https:\/\/api.w.org\/{rel}","templated":true}]}}