{"id":937,"date":"2023-11-09T11:21:41","date_gmt":"2023-11-09T14:21:41","guid":{"rendered":"https:\/\/artewebmidia.com.br\/infinita\/?post_type=product&#038;p=937"},"modified":"2024-09-02T11:31:04","modified_gmt":"2024-09-02T14:31:04","slug":"lipopress","status":"publish","type":"product","link":"https:\/\/artewebmidia.com.br\/infinita\/produto\/lipopress\/","title":{"rendered":"LIPOPRESS &#8211; Flu\u00eddo Corporal Liporedutor 5 X 10ML &#8211; Smart GR"},"content":{"rendered":"<p>\u2022 Auxiliar na redu\u00e7\u00e3o de gordura localizada e de medidas;<\/p>\n<p>\u2022 Auxiliar na redu\u00e7\u00e3o de celulite, amenizando o aspecto casca de laranja;<\/p>\n<p>\u2022 Auxiliar na redu\u00e7\u00e3o da flacidez tissular, aumentando a firmeza corporal.<\/p>\n","protected":false},"excerpt":{"rendered":"<p>LIPOPRESS\u00ae \u00e9 um fluido com um blend de ingredientes que auxiliam na redu\u00e7\u00e3o de gordura localizada e no tratamento est\u00e9tico da celulite. Possui a\u00e7\u00e3o drenante, auxilia na redu\u00e7\u00e3o da flacidez tissular e medidas corporais. 5x10ML &#8211; Smart GR\u2022 Auxiliar na redu\u00e7\u00e3o de gordura localizada e de medidas;<\/p>\n<p>&nbsp;<\/p>\n","protected":false},"featured_media":938,"comment_status":"open","ping_status":"closed","template":"","meta":{"_joinchat":[]},"product_brand":[],"product_cat":[22],"product_tag":[],"class_list":{"0":"post-937","1":"product","2":"type-product","3":"status-publish","4":"has-post-thumbnail","6":"product_cat-estetica-corporal","8":"first","9":"instock","10":"shipping-taxable","11":"purchasable","12":"product-type-simple"},"_links":{"self":[{"href":"https:\/\/artewebmidia.com.br\/infinita\/wp-json\/wp\/v2\/product\/937","targetHints":{"allow":["GET"]}}],"collection":[{"href":"https:\/\/artewebmidia.com.br\/infinita\/wp-json\/wp\/v2\/product"}],"about":[{"href":"https:\/\/artewebmidia.com.br\/infinita\/wp-json\/wp\/v2\/types\/product"}],"replies":[{"embeddable":true,"href":"https:\/\/artewebmidia.com.br\/infinita\/wp-json\/wp\/v2\/comments?post=937"}],"wp:featuredmedia":[{"embeddable":true,"href":"https:\/\/artewebmidia.com.br\/infinita\/wp-json\/wp\/v2\/media\/938"}],"wp:attachment":[{"href":"https:\/\/artewebmidia.com.br\/infinita\/wp-json\/wp\/v2\/media?parent=937"}],"wp:term":[{"taxonomy":"product_brand","embeddable":true,"href":"https:\/\/artewebmidia.com.br\/infinita\/wp-json\/wp\/v2\/product_brand?post=937"},{"taxonomy":"product_cat","embeddable":true,"href":"https:\/\/artewebmidia.com.br\/infinita\/wp-json\/wp\/v2\/product_cat?post=937"},{"taxonomy":"product_tag","embeddable":true,"href":"https:\/\/artewebmidia.com.br\/infinita\/wp-json\/wp\/v2\/product_tag?post=937"}],"curies":[{"name":"wp","href":"https:\/\/api.w.org\/{rel}","templated":true}]}}