{"id":964,"date":"2023-11-10T10:40:44","date_gmt":"2023-11-10T13:40:44","guid":{"rendered":"https:\/\/artewebmidia.com.br\/infinita\/?post_type=product&#038;p=964"},"modified":"2024-09-02T11:17:21","modified_gmt":"2024-09-02T14:17:21","slug":"smart-booster-micro-5-x-5ml-smart-gr","status":"publish","type":"product","link":"https:\/\/artewebmidia.com.br\/infinita\/produto\/smart-booster-micro-5-x-5ml-smart-gr\/","title":{"rendered":"SMART BOOSTER MICRO 5 X 5ML &#8211; Smart GR"},"content":{"rendered":"<p>\u2022 Procedimentos est\u00e9ticos faciais e corporais para o aumento da hidrata\u00e7\u00e3o da pele<\/p>\n<p>\u2022 Combate a rugas e linhas de express\u00e3o<\/p>\n<p>\u2022 Contribui para a redu\u00e7\u00e3o de rugas e linhas de express\u00e3o<\/p>\n<p>\u2022 Possui alto poder de revitaliza\u00e7\u00e3o e hidrata\u00e7\u00e3o<\/p>\n","protected":false},"excerpt":{"rendered":"<p>O Smart Booster Micro \u00e9 um fluido concentrado altamente hidratante, dispon\u00edvel em monodoses de 5ml, que proporciona a\u00e7\u00e3o nutritiva e firmadora, ajudando a suavizar e manter a vitalidade da pele.<\/p>\n","protected":false},"featured_media":965,"comment_status":"open","ping_status":"closed","template":"","meta":{"_joinchat":[]},"product_brand":[],"product_cat":[22,21],"product_tag":[],"class_list":{"0":"post-964","1":"product","2":"type-product","3":"status-publish","4":"has-post-thumbnail","6":"product_cat-estetica-corporal","7":"product_cat-estetica-facial","9":"first","10":"instock","11":"shipping-taxable","12":"purchasable","13":"product-type-simple"},"_links":{"self":[{"href":"https:\/\/artewebmidia.com.br\/infinita\/wp-json\/wp\/v2\/product\/964","targetHints":{"allow":["GET"]}}],"collection":[{"href":"https:\/\/artewebmidia.com.br\/infinita\/wp-json\/wp\/v2\/product"}],"about":[{"href":"https:\/\/artewebmidia.com.br\/infinita\/wp-json\/wp\/v2\/types\/product"}],"replies":[{"embeddable":true,"href":"https:\/\/artewebmidia.com.br\/infinita\/wp-json\/wp\/v2\/comments?post=964"}],"wp:featuredmedia":[{"embeddable":true,"href":"https:\/\/artewebmidia.com.br\/infinita\/wp-json\/wp\/v2\/media\/965"}],"wp:attachment":[{"href":"https:\/\/artewebmidia.com.br\/infinita\/wp-json\/wp\/v2\/media?parent=964"}],"wp:term":[{"taxonomy":"product_brand","embeddable":true,"href":"https:\/\/artewebmidia.com.br\/infinita\/wp-json\/wp\/v2\/product_brand?post=964"},{"taxonomy":"product_cat","embeddable":true,"href":"https:\/\/artewebmidia.com.br\/infinita\/wp-json\/wp\/v2\/product_cat?post=964"},{"taxonomy":"product_tag","embeddable":true,"href":"https:\/\/artewebmidia.com.br\/infinita\/wp-json\/wp\/v2\/product_tag?post=964"}],"curies":[{"name":"wp","href":"https:\/\/api.w.org\/{rel}","templated":true}]}}