{"id":969,"date":"2023-11-10T11:00:07","date_gmt":"2023-11-10T14:00:07","guid":{"rendered":"https:\/\/artewebmidia.com.br\/infinita\/?post_type=product&#038;p=969"},"modified":"2023-11-14T15:30:31","modified_gmt":"2023-11-14T18:30:31","slug":"vita-c-ha-monodose-vitamina-c-5ml-smart-gr","status":"publish","type":"product","link":"https:\/\/artewebmidia.com.br\/infinita\/produto\/vita-c-ha-monodose-vitamina-c-5ml-smart-gr\/","title":{"rendered":"VITA C HA &#8211; MONODOSE VITAMINA C 5ML &#8211; Smart GR"},"content":{"rendered":"<p>\u2022 Procedimentos est\u00e9ticos faciais e corporais para melhora da elasticidade da pele<\/p>\n<p>\u2022 Est\u00edmulo da s\u00edntese de col\u00e1geno<\/p>\n<p>\u2022 Controle na hiperprodu\u00e7\u00e3o de melanina<\/p>\n<p>\u2022 A\u00e7\u00e3o antirrugas e regeneradora<\/p>\n<p>\u2022 Vitamina C altamente est\u00e1vel (AA2G)<\/p>\n<p>\u2022 Neutraliza\u00e7\u00e3o de radicais livres<\/p>\n<p>\u2022 Libera\u00e7\u00e3o prolongada dos ativos<\/p>\n<p>\u2022 Inibe a produ\u00e7\u00e3o desordenada de melanina<\/p>\n<p>\u2022 Promove uniformidade e ilumina\u00e7\u00e3o da pele<\/p>\n","protected":false},"excerpt":{"rendered":"<p>O Smart Vita C AA2G HA \u00e9 um fluido de vitamina C altamente tecnol\u00f3gico que combina a poderosa a\u00e7\u00e3o da vitamina C glico estabilizada (AA2G) com o \u00e1cido hialur\u00f4nico. Essa combina\u00e7\u00e3o oferece benef\u00edcios antioxidantes de longa dura\u00e7\u00e3o e propriedades anti-idade, resultando em uma pele mais iluminada e uniforme.<\/p>\n","protected":false},"featured_media":970,"comment_status":"open","ping_status":"closed","template":"","meta":{"_joinchat":[]},"product_brand":[],"product_cat":[22,21],"product_tag":[],"class_list":{"0":"post-969","1":"product","2":"type-product","3":"status-publish","4":"has-post-thumbnail","6":"product_cat-estetica-corporal","7":"product_cat-estetica-facial","9":"first","10":"instock","11":"shipping-taxable","12":"purchasable","13":"product-type-simple"},"_links":{"self":[{"href":"https:\/\/artewebmidia.com.br\/infinita\/wp-json\/wp\/v2\/product\/969","targetHints":{"allow":["GET"]}}],"collection":[{"href":"https:\/\/artewebmidia.com.br\/infinita\/wp-json\/wp\/v2\/product"}],"about":[{"href":"https:\/\/artewebmidia.com.br\/infinita\/wp-json\/wp\/v2\/types\/product"}],"replies":[{"embeddable":true,"href":"https:\/\/artewebmidia.com.br\/infinita\/wp-json\/wp\/v2\/comments?post=969"}],"wp:featuredmedia":[{"embeddable":true,"href":"https:\/\/artewebmidia.com.br\/infinita\/wp-json\/wp\/v2\/media\/970"}],"wp:attachment":[{"href":"https:\/\/artewebmidia.com.br\/infinita\/wp-json\/wp\/v2\/media?parent=969"}],"wp:term":[{"taxonomy":"product_brand","embeddable":true,"href":"https:\/\/artewebmidia.com.br\/infinita\/wp-json\/wp\/v2\/product_brand?post=969"},{"taxonomy":"product_cat","embeddable":true,"href":"https:\/\/artewebmidia.com.br\/infinita\/wp-json\/wp\/v2\/product_cat?post=969"},{"taxonomy":"product_tag","embeddable":true,"href":"https:\/\/artewebmidia.com.br\/infinita\/wp-json\/wp\/v2\/product_tag?post=969"}],"curies":[{"name":"wp","href":"https:\/\/api.w.org\/{rel}","templated":true}]}}