{"id":979,"date":"2023-11-10T11:52:16","date_gmt":"2023-11-10T14:52:16","guid":{"rendered":"https:\/\/artewebmidia.com.br\/infinita\/?post_type=product&#038;p=979"},"modified":"2024-09-02T11:14:17","modified_gmt":"2024-09-02T14:14:17","slug":"smart-clorex-clean-500-ml-smart-gr","status":"publish","type":"product","link":"https:\/\/artewebmidia.com.br\/infinita\/produto\/smart-clorex-clean-500-ml-smart-gr\/","title":{"rendered":"SMART CLOREX CLEAN 500 ML &#8211; Smart GR"},"content":{"rendered":"<p>\u2022 Auxiliar na limpeza e assepsia da pele pr\u00e9 procedimentos est\u00e9ticos.<br \/>\n\u2022 Contribuir na higieniza\u00e7\u00e3o de dispositivos pr\u00e9 e p\u00f3s procedimentos.<br \/>\n\u2022 Bactericida e Fungicida<br \/>\n\u2022 Elimina at\u00e9 99,9% das bact\u00e9rias<br \/>\n\u2022 Prefeito para assepsia pr\u00e9 procedimentos<br \/>\n\u2022 Impede a desidrata\u00e7\u00e3o da pele<\/p>\n","protected":false},"excerpt":{"rendered":"<p>Smart Clorex Clean- Solu\u00e7\u00e3o de Limpeza \u00e9 um fluido higienizante de clorexidina rica em bioativos. Sinergia perfeita com a\u00e7\u00f5es fundamentais e necess\u00e1rias para auxiliar na limpeza da pele pr\u00e9 procedimentos est\u00e9ticos. Com toque suave e n\u00e3o pegajoso, utilizada para contribuir no processo de antissepsia e limpeza, sem agredir e sem ressecar, al\u00e9m de tonificar e hidratar a pele.<\/p>\n<p>&nbsp;<\/p>\n","protected":false},"featured_media":982,"comment_status":"open","ping_status":"closed","template":"","meta":{"_joinchat":[]},"product_brand":[],"product_cat":[22,21],"product_tag":[],"class_list":{"0":"post-979","1":"product","2":"type-product","3":"status-publish","4":"has-post-thumbnail","6":"product_cat-estetica-corporal","7":"product_cat-estetica-facial","9":"first","10":"instock","11":"shipping-taxable","12":"purchasable","13":"product-type-simple"},"_links":{"self":[{"href":"https:\/\/artewebmidia.com.br\/infinita\/wp-json\/wp\/v2\/product\/979","targetHints":{"allow":["GET"]}}],"collection":[{"href":"https:\/\/artewebmidia.com.br\/infinita\/wp-json\/wp\/v2\/product"}],"about":[{"href":"https:\/\/artewebmidia.com.br\/infinita\/wp-json\/wp\/v2\/types\/product"}],"replies":[{"embeddable":true,"href":"https:\/\/artewebmidia.com.br\/infinita\/wp-json\/wp\/v2\/comments?post=979"}],"wp:featuredmedia":[{"embeddable":true,"href":"https:\/\/artewebmidia.com.br\/infinita\/wp-json\/wp\/v2\/media\/982"}],"wp:attachment":[{"href":"https:\/\/artewebmidia.com.br\/infinita\/wp-json\/wp\/v2\/media?parent=979"}],"wp:term":[{"taxonomy":"product_brand","embeddable":true,"href":"https:\/\/artewebmidia.com.br\/infinita\/wp-json\/wp\/v2\/product_brand?post=979"},{"taxonomy":"product_cat","embeddable":true,"href":"https:\/\/artewebmidia.com.br\/infinita\/wp-json\/wp\/v2\/product_cat?post=979"},{"taxonomy":"product_tag","embeddable":true,"href":"https:\/\/artewebmidia.com.br\/infinita\/wp-json\/wp\/v2\/product_tag?post=979"}],"curies":[{"name":"wp","href":"https:\/\/api.w.org\/{rel}","templated":true}]}}