{"id":999,"date":"2023-11-13T09:57:05","date_gmt":"2023-11-13T12:57:05","guid":{"rendered":"https:\/\/artewebmidia.com.br\/infinita\/?post_type=product&#038;p=999"},"modified":"2024-09-02T11:11:34","modified_gmt":"2024-09-02T14:11:34","slug":"serum-smart-vita-c-vitamina-c-30ml-smart-gr","status":"publish","type":"product","link":"https:\/\/artewebmidia.com.br\/infinita\/produto\/serum-smart-vita-c-vitamina-c-30ml-smart-gr\/","title":{"rendered":"S\u00c9RUM SMART VITA C+ VITAMINA C 30ML -Smart GR"},"content":{"rendered":"<p>\u2022 O S\u00e9rum Smart Vita C+ \u00e9 indicado para o uso nas \u00e1reas do rosto, pesco\u00e7o, colo e m\u00e3os<\/p>\n<p>\u2022 Rejuvenescimento<\/p>\n<p>\u2022 Clareamento<\/p>\n<p>\u2022 Ilumina\u00e7\u00e3o<\/p>\n<p>\u2022 Hidrata\u00e7\u00e3o<\/p>\n<p>\u2022 Anti-Age<\/p>\n<p>\u2022 Clareador<\/p>\n<p>\u2022 Iluminador<\/p>\n<p>\u2022 Tripla A\u00e7\u00e3o Antioxidante<\/p>\n<p>\u2022 Uniformizador da pele.<\/p>\n","protected":false},"excerpt":{"rendered":"<p>S\u00e9rum profissional de Vitamina C Smart GR \u00e9 a mais avan\u00e7ada tecnologia cosm\u00e9tica profissional. Altamente concentrado, e conta com a poderosa combina\u00e7\u00e3o dos seguintes ativos: Vitamina C e \u00c1cido Hialur\u00f4nico. Combina\u00e7\u00e3o que vai trazer resultados incr\u00edveis para todos os tipos de pele. Possui efeito clareador e reduz radicais livres, restaurando e estimulando a s\u00edntese de col\u00e1geno. Incr\u00edvel a\u00e7\u00e3o antioxidante que promove hidrata\u00e7\u00e3o e ilumina\u00e7\u00e3o da pele.<\/p>\n","protected":false},"featured_media":1000,"comment_status":"open","ping_status":"closed","template":"","meta":{"_joinchat":[]},"product_brand":[],"product_cat":[21],"product_tag":[],"class_list":{"0":"post-999","1":"product","2":"type-product","3":"status-publish","4":"has-post-thumbnail","6":"product_cat-estetica-facial","8":"first","9":"outofstock","10":"shipping-taxable","11":"purchasable","12":"product-type-simple"},"_links":{"self":[{"href":"https:\/\/artewebmidia.com.br\/infinita\/wp-json\/wp\/v2\/product\/999","targetHints":{"allow":["GET"]}}],"collection":[{"href":"https:\/\/artewebmidia.com.br\/infinita\/wp-json\/wp\/v2\/product"}],"about":[{"href":"https:\/\/artewebmidia.com.br\/infinita\/wp-json\/wp\/v2\/types\/product"}],"replies":[{"embeddable":true,"href":"https:\/\/artewebmidia.com.br\/infinita\/wp-json\/wp\/v2\/comments?post=999"}],"wp:featuredmedia":[{"embeddable":true,"href":"https:\/\/artewebmidia.com.br\/infinita\/wp-json\/wp\/v2\/media\/1000"}],"wp:attachment":[{"href":"https:\/\/artewebmidia.com.br\/infinita\/wp-json\/wp\/v2\/media?parent=999"}],"wp:term":[{"taxonomy":"product_brand","embeddable":true,"href":"https:\/\/artewebmidia.com.br\/infinita\/wp-json\/wp\/v2\/product_brand?post=999"},{"taxonomy":"product_cat","embeddable":true,"href":"https:\/\/artewebmidia.com.br\/infinita\/wp-json\/wp\/v2\/product_cat?post=999"},{"taxonomy":"product_tag","embeddable":true,"href":"https:\/\/artewebmidia.com.br\/infinita\/wp-json\/wp\/v2\/product_tag?post=999"}],"curies":[{"name":"wp","href":"https:\/\/api.w.org\/{rel}","templated":true}]}}